CRAN Package Check Results for Package D3mirt

Last updated on 2024-02-22 16:49:13 CET.

Flavor Version Tinstall Tcheck Ttotal Status Flags
r-devel-linux-x86_64-debian-clang 1.1.0 OK
r-devel-linux-x86_64-debian-gcc 1.1.0 10.78 133.99 144.77 OK
r-devel-linux-x86_64-fedora-clang 1.1.0 254.32 NOTE
r-devel-linux-x86_64-fedora-gcc 1.1.0 234.46 OK
r-devel-windows-x86_64 1.1.0 12.00 134.00 146.00 NOTE
r-patched-linux-x86_64 1.1.0 12.02 171.35 183.37 OK
r-release-linux-x86_64 1.1.0 12.80 167.60 180.40 OK
r-release-macos-arm64 1.1.0 64.00 NOTE
r-release-macos-x86_64 1.1.0 135.00 NOTE
r-release-windows-x86_64 1.1.0 18.00 165.00 183.00 NOTE
r-oldrel-macos-arm64 1.1.0 57.00 NOTE
r-oldrel-windows-x86_64 1.1.0 17.00 169.00 186.00 NOTE

Check Details

Version: 1.1.0
Check: installed package size
Result: NOTE installed size is 5.3Mb sub-directories of 1Mb or more: doc 4.9Mb Flavors: r-devel-linux-x86_64-fedora-clang, r-devel-windows-x86_64, r-release-macos-arm64, r-release-macos-x86_64, r-release-windows-x86_64, r-oldrel-macos-arm64, r-oldrel-windows-x86_64