Last updated on 2023-09-29 00:56:46 CEST.
Flavor | Version | Tinstall | Tcheck | Ttotal | Status | Flags |
---|---|---|---|---|---|---|
r-devel-linux-x86_64-debian-clang | 0.9.1 | 8.51 | 94.09 | 102.60 | OK | |
r-devel-linux-x86_64-debian-gcc | 0.9.1 | 7.05 | 68.18 | 75.23 | OK | |
r-devel-linux-x86_64-fedora-clang | 0.9.1 | 125.62 | NOTE | |||
r-devel-linux-x86_64-fedora-gcc | 0.9.1 | 133.90 | NOTE | |||
r-devel-windows-x86_64 | 0.9.1 | 9.00 | 88.00 | 97.00 | OK | |
r-patched-linux-x86_64 | 0.9.1 | 6.19 | 86.61 | 92.80 | OK | |
r-release-linux-x86_64 | 0.9.1 | 5.85 | 86.87 | 92.72 | OK | |
r-release-macos-arm64 | 0.9.1 | 43.00 | OK | |||
r-release-macos-x86_64 | 0.9.1 | 74.00 | OK | |||
r-release-windows-x86_64 | 0.9.1 | 12.00 | 98.00 | 110.00 | OK | |
r-oldrel-macos-arm64 | 0.9.1 | 38.00 | NOTE | |||
r-oldrel-macos-x86_64 | 0.9.1 | 63.00 | NOTE | |||
r-oldrel-windows-x86_64 | 0.9.1 | 13.00 | 105.00 | 118.00 | OK |
Version: 0.9.1
Check: dependencies in R code
Result: NOTE
Namespace in Imports field not imported from: ‘rlang’
All declared Imports should be used.
Flavors: r-devel-linux-x86_64-fedora-clang, r-devel-linux-x86_64-fedora-gcc, r-oldrel-macos-arm64, r-oldrel-macos-x86_64