CRAN Package Check Results for Package DMTL

Last updated on 2024-02-24 08:49:34 CET.

Flavor Version Tinstall Tcheck Ttotal Status Flags
r-devel-linux-x86_64-debian-clang 0.1.2 2.85 46.30 49.15 NOTE
r-devel-linux-x86_64-debian-gcc 0.1.2 2.06 34.20 36.26 NOTE
r-devel-linux-x86_64-fedora-clang 0.1.2 64.56 NOTE
r-devel-linux-x86_64-fedora-gcc 0.1.2 57.02 NOTE
r-devel-windows-x86_64 0.1.2 4.00 58.00 62.00 NOTE
r-patched-linux-x86_64 0.1.2 1.90 44.84 46.74 NOTE
r-release-linux-x86_64 0.1.2 1.67 44.77 46.44 NOTE
r-release-macos-arm64 0.1.2 28.00 NOTE
r-release-macos-x86_64 0.1.2 37.00 NOTE
r-release-windows-x86_64 0.1.2 5.00 63.00 68.00 NOTE
r-oldrel-macos-arm64 0.1.2 26.00 NOTE
r-oldrel-windows-x86_64 0.1.2 5.00 67.00 72.00 NOTE

Check Details

Version: 0.1.2
Check: package subdirectories
Result: NOTE Problems with news in ‘NEWS.md’: No news entries found. Flavors: r-devel-linux-x86_64-debian-clang, r-devel-linux-x86_64-debian-gcc, r-devel-linux-x86_64-fedora-clang, r-devel-linux-x86_64-fedora-gcc, r-devel-windows-x86_64, r-patched-linux-x86_64, r-release-linux-x86_64, r-release-macos-arm64, r-release-macos-x86_64, r-release-windows-x86_64

Version: 0.1.2
Check: LazyData
Result: NOTE 'LazyData' is specified without a 'data' directory Flavors: r-devel-linux-x86_64-debian-clang, r-devel-linux-x86_64-debian-gcc, r-devel-linux-x86_64-fedora-clang, r-devel-linux-x86_64-fedora-gcc, r-devel-windows-x86_64, r-patched-linux-x86_64, r-release-linux-x86_64, r-release-macos-arm64, r-release-macos-x86_64, r-release-windows-x86_64, r-oldrel-macos-arm64, r-oldrel-windows-x86_64