CRAN Package Check Results for Package DMwR2

Last updated on 2024-03-01 00:55:17 CET.

Flavor Version Tinstall Tcheck Ttotal Status Flags
r-devel-linux-x86_64-debian-clang 0.0.2 9.92 66.09 76.01 NOTE
r-devel-linux-x86_64-debian-gcc 0.0.2 6.51 49.94 56.45 NOTE
r-devel-linux-x86_64-fedora-clang 0.0.2 92.82 NOTE
r-devel-linux-x86_64-fedora-gcc 0.0.2 92.55 NOTE
r-devel-windows-x86_64 0.0.2 10.00 72.00 82.00 OK
r-patched-linux-x86_64 0.0.2 10.06 63.83 73.89 OK
r-release-linux-x86_64 0.0.2 9.83 64.11 73.94 OK
r-release-macos-arm64 0.0.2 34.00 OK
r-release-macos-x86_64 0.0.2 48.00 OK
r-release-windows-x86_64 0.0.2 15.00 79.00 94.00 OK
r-oldrel-macos-arm64 0.0.2 32.00 OK
r-oldrel-windows-x86_64 0.0.2 16.00 88.00 104.00 OK

Check Details

Version: 0.0.2
Check: Rd files
Result: NOTE checkRd: (-1) outliers.ranking.Rd:142: Lost braces; missing escapes or markup? 142 | max ( 0, ( |g_{y,i}| - |g_{x,i}| ) / ( |g_{y,i}| + |g_{x,i}| ) ), | ^ checkRd: (-1) outliers.ranking.Rd:142: Lost braces; missing escapes or markup? 142 | max ( 0, ( |g_{y,i}| - |g_{x,i}| ) / ( |g_{y,i}| + |g_{x,i}| ) ), | ^ checkRd: (-1) outliers.ranking.Rd:142: Lost braces; missing escapes or markup? 142 | max ( 0, ( |g_{y,i}| - |g_{x,i}| ) / ( |g_{y,i}| + |g_{x,i}| ) ), | ^ checkRd: (-1) outliers.ranking.Rd:142: Lost braces; missing escapes or markup? 142 | max ( 0, ( |g_{y,i}| - |g_{x,i}| ) / ( |g_{y,i}| + |g_{x,i}| ) ), | ^ checkRd: (-1) outliers.ranking.Rd:143: Lost braces; missing escapes or markup? 143 | where g_{y,i} and g_{x,i} are the two groups involved in the merge at | ^ checkRd: (-1) outliers.ranking.Rd:143: Lost braces; missing escapes or markup? 143 | where g_{y,i} and g_{x,i} are the two groups involved in the merge at | ^ checkRd: (-1) outliers.ranking.Rd:144: Lost braces; missing escapes or markup? 144 | step i, and g_{x,i} is the group which X belongs to. Note that if X | ^ Flavors: r-devel-linux-x86_64-debian-clang, r-devel-linux-x86_64-debian-gcc, r-devel-linux-x86_64-fedora-clang, r-devel-linux-x86_64-fedora-gcc