CRAN Package Check Results for Package DSSP

Last updated on 2023-12-10 08:48:22 CET.

Flavor Version Tinstall Tcheck Ttotal Status Flags
r-devel-linux-x86_64-debian-clang 0.1.1 58.89 156.97 215.86 NOTE
r-devel-linux-x86_64-debian-gcc 0.1.1 52.91 173.20 226.11 NOTE
r-devel-linux-x86_64-fedora-clang 0.1.1 332.47 NOTE
r-devel-linux-x86_64-fedora-gcc 0.1.1 400.94 NOTE
r-devel-windows-x86_64 0.1.1 59.00 182.00 241.00 NOTE
r-patched-linux-x86_64 0.1.1 51.86 218.54 270.40 NOTE
r-release-linux-x86_64 0.1.1 48.50 217.23 265.73 NOTE
r-release-macos-arm64 0.1.1 135.00 NOTE
r-release-macos-x86_64 0.1.1 206.00 NOTE
r-release-windows-x86_64 0.1.1 76.00 244.00 320.00 NOTE
r-oldrel-macos-arm64 0.1.1 160.00 OK
r-oldrel-macos-x86_64 0.1.1 559.00 OK
r-oldrel-windows-x86_64 0.1.1 75.00 243.00 318.00 OK

Check Details

Version: 0.1.1
Check: C++ specification
Result: NOTE Specified C++11: please drop specification unless essential Flavors: r-devel-linux-x86_64-debian-clang, r-devel-linux-x86_64-debian-gcc, r-devel-linux-x86_64-fedora-clang, r-devel-linux-x86_64-fedora-gcc, r-devel-windows-x86_64, r-patched-linux-x86_64, r-release-linux-x86_64, r-release-macos-arm64, r-release-macos-x86_64, r-release-windows-x86_64