Last updated on 2023-11-30 00:55:41 CET.
Flavor | Version | Tinstall | Tcheck | Ttotal | Status | Flags |
---|---|---|---|---|---|---|
r-devel-linux-x86_64-debian-clang | 0.30 | 6.19 | 45.66 | 51.85 | OK | |
r-devel-linux-x86_64-debian-gcc | 0.30 | 4.53 | 36.15 | 40.68 | OK | |
r-devel-linux-x86_64-fedora-clang | 0.30 | 73.84 | NOTE | |||
r-devel-linux-x86_64-fedora-gcc | 0.30 | 78.36 | OK | |||
r-devel-windows-x86_64 | 0.30 | 10.00 | 60.00 | 70.00 | NOTE | |
r-patched-linux-x86_64 | 0.30 | 11.25 | 45.63 | 56.88 | OK | |
r-release-linux-x86_64 | 0.30 | 5.55 | 44.64 | 50.19 | OK | |
r-release-macos-arm64 | 0.30 | 32.00 | NOTE | |||
r-release-macos-x86_64 | 0.30 | 64.00 | NOTE | |||
r-release-windows-x86_64 | 0.30 | 12.00 | 64.00 | 76.00 | NOTE | |
r-oldrel-macos-arm64 | 0.30 | 87.00 | NOTE | |||
r-oldrel-macos-x86_64 | 0.30 | 43.00 | NOTE | |||
r-oldrel-windows-x86_64 | 0.30 | 10.00 | 64.00 | 74.00 | NOTE |
Version: 0.30
Check: installed package size
Result: NOTE
installed size is 6.1Mb
sub-directories of 1Mb or more:
htmlwidgets 5.0Mb
Flavors: r-devel-linux-x86_64-fedora-clang, r-devel-windows-x86_64, r-release-macos-arm64, r-release-macos-x86_64, r-release-windows-x86_64, r-oldrel-macos-arm64, r-oldrel-macos-x86_64, r-oldrel-windows-x86_64