CRAN Package Check Results for Package DTAplots

Last updated on 2024-05-30 16:48:04 CEST.

Flavor Version Tinstall Tcheck Ttotal Status Flags
r-devel-linux-x86_64-debian-clang 1.0.2.5 4.02 26.13 30.15 OK
r-devel-linux-x86_64-debian-gcc 1.0.2.5 1.90 20.61 22.51 OK
r-devel-linux-x86_64-fedora-clang 1.0.2.5 36.87 NOTE
r-devel-linux-x86_64-fedora-gcc 1.0.2.5 35.82 NOTE
r-devel-windows-x86_64 1.0.2.5 4.00 38.00 42.00 OK
r-patched-linux-x86_64 1.0.2.5 3.36 25.78 29.14 OK
r-release-linux-x86_64 1.0.2.5 2.81 25.11 27.92 OK
r-release-macos-arm64 1.0.2.5 16.00 OK
r-release-windows-x86_64 1.0.2.5 4.00 39.00 43.00 OK
r-oldrel-macos-arm64 1.0.2.5 18.00 OK
r-oldrel-macos-x86_64 1.0.2.5 22.00 OK
r-oldrel-windows-x86_64 1.0.2.5 6.00 40.00 46.00 OK

Check Details

Version: 1.0.2.5
Check: data for non-ASCII characters
Result: NOTE Note: found 1 marked Latin-1 string Flavors: r-devel-linux-x86_64-fedora-clang, r-devel-linux-x86_64-fedora-gcc