CRAN Package Check Results for Package DataLoader

Last updated on 2024-02-28 08:54:25 CET.

Flavor Version Tinstall Tcheck Ttotal Status Flags
r-devel-linux-x86_64-debian-clang 1.3 8.39 81.87 90.26 NOTE
r-devel-linux-x86_64-debian-gcc 1.3 7.36 60.85 68.21 NOTE
r-devel-linux-x86_64-fedora-clang 1.3 114.83 NOTE
r-devel-linux-x86_64-fedora-gcc 1.3 112.20 NOTE
r-devel-windows-x86_64 1.3 7.00 67.00 74.00 NOTE
r-patched-linux-x86_64 1.3 8.79 79.69 88.48 NOTE
r-release-linux-x86_64 1.3 8.47 79.57 88.04 NOTE
r-release-macos-arm64 1.3 36.00 NOTE
r-release-macos-x86_64 1.3 44.00 NOTE
r-release-windows-x86_64 1.3 9.00 74.00 83.00 NOTE
r-oldrel-macos-arm64 1.3 34.00 NOTE
r-oldrel-windows-x86_64 1.3 10.00 77.00 87.00 NOTE

Check Details

Version: 1.3
Check: LazyData
Result: NOTE 'LazyData' is specified without a 'data' directory Flavors: r-devel-linux-x86_64-debian-clang, r-devel-linux-x86_64-debian-gcc, r-devel-linux-x86_64-fedora-clang, r-devel-linux-x86_64-fedora-gcc, r-devel-windows-x86_64, r-patched-linux-x86_64, r-release-linux-x86_64, r-release-macos-arm64, r-release-macos-x86_64, r-release-windows-x86_64, r-oldrel-macos-arm64, r-oldrel-windows-x86_64