Last updated on 2024-03-28 23:55:04 CET.
Flavor | Version | Tinstall | Tcheck | Ttotal | Status | Flags |
---|---|---|---|---|---|---|
r-devel-linux-x86_64-debian-clang | 8.3.0 | 5.67 | 40.98 | 46.65 | OK | |
r-devel-linux-x86_64-debian-gcc | 8.3.0 | 3.42 | 28.81 | 32.23 | OK | |
r-devel-linux-x86_64-fedora-clang | 8.3.0 | 62.51 | NOTE | |||
r-devel-linux-x86_64-fedora-gcc | 8.3.0 | 55.34 | OK | |||
r-devel-windows-x86_64 | 8.3.0 | 7.00 | 62.00 | 69.00 | OK | |
r-patched-linux-x86_64 | 8.3.0 | 4.45 | 37.89 | 42.34 | OK | |
r-release-linux-x86_64 | 8.3.0 | 3.45 | 38.44 | 41.89 | OK | |
r-release-macos-arm64 | 8.3.0 | 27.00 | OK | |||
r-release-macos-x86_64 | 8.3.0 | 56.00 | OK | |||
r-release-windows-x86_64 | 8.3.0 | 7.00 | 63.00 | 70.00 | OK | |
r-oldrel-macos-arm64 | 8.3.0 | 30.00 | OK | |||
r-oldrel-windows-x86_64 | 8.3.0 | 9.00 | 72.00 | 81.00 | OK |
Version: 8.3.0
Check: Rd cross-references
Result: NOTE
Undeclared packages ‘e1071’, ‘nloptr’ in Rd xrefs
Flavor: r-devel-linux-x86_64-fedora-clang