CRAN Package Check Results for Package DeltaMAN

Last updated on 2024-02-24 08:49:34 CET.

Flavor Version Tinstall Tcheck Ttotal Status Flags
r-devel-linux-x86_64-debian-clang 0.5.0 3.71 29.50 33.21 OK
r-devel-linux-x86_64-debian-gcc 0.5.0 3.06 23.20 26.26 OK
r-devel-linux-x86_64-fedora-clang 0.5.0 46.00 NOTE
r-devel-linux-x86_64-fedora-gcc 0.5.0 40.20 NOTE
r-devel-windows-x86_64 0.5.0 5.00 42.00 47.00 OK
r-patched-linux-x86_64 0.5.0 4.46 29.33 33.79 OK
r-release-linux-x86_64 0.5.0 2.55 29.41 31.96 OK
r-release-macos-arm64 0.5.0 21.00 OK
r-release-macos-x86_64 0.5.0 25.00 OK
r-release-windows-x86_64 0.5.0 6.00 44.00 50.00 OK
r-oldrel-macos-arm64 0.5.0 17.00 NOTE
r-oldrel-windows-x86_64 0.5.0 6.00 48.00 54.00 OK

Check Details

Version: 0.5.0
Check: dependencies in R code
Result: NOTE Namespaces in Imports field not imported from: ‘knitr’ ‘shinyBS’ ‘shinyMatrix’ All declared Imports should be used. Flavors: r-devel-linux-x86_64-fedora-clang, r-devel-linux-x86_64-fedora-gcc, r-oldrel-macos-arm64