CRAN Package Check Results for Package DemoDecomp

Last updated on 2024-02-25 01:01:01 CET.

Flavor Version Tinstall Tcheck Ttotal Status Flags
r-devel-linux-x86_64-debian-clang 1.0.1 2.43 27.18 29.61 NOTE
r-devel-linux-x86_64-debian-gcc 1.0.1 1.39 21.43 22.82 NOTE
r-devel-linux-x86_64-fedora-clang 1.0.1 41.32 NOTE
r-devel-linux-x86_64-fedora-gcc 1.0.1 36.05 NOTE
r-devel-windows-x86_64 1.0.1 3.00 45.00 48.00 NOTE
r-patched-linux-x86_64 1.0.1 2.72 26.64 29.36 NOTE
r-release-linux-x86_64 1.0.1 2.50 27.21 29.71 NOTE
r-release-macos-arm64 1.0.1 18.00 NOTE
r-release-macos-x86_64 1.0.1 24.00 NOTE
r-release-windows-x86_64 1.0.1 3.00 45.00 48.00 NOTE
r-oldrel-macos-arm64 1.0.1 24.00 OK
r-oldrel-windows-x86_64 1.0.1 3.00 48.00 51.00 OK

Check Details

Version: 1.0.1
Check: package subdirectories
Result: NOTE Problems with news in ‘NEWS.md’: Cannot extract version info from the following section titles: Changes from previous package DecompHoriuchi Flavors: r-devel-linux-x86_64-debian-clang, r-devel-linux-x86_64-debian-gcc, r-devel-linux-x86_64-fedora-clang, r-devel-linux-x86_64-fedora-gcc, r-devel-windows-x86_64, r-patched-linux-x86_64, r-release-linux-x86_64, r-release-macos-arm64, r-release-macos-x86_64, r-release-windows-x86_64