CRAN Package Check Results for Package DendroSync

Last updated on 2024-02-21 00:54:26 CET.

Flavor Version Tinstall Tcheck Ttotal Status Flags
r-devel-linux-x86_64-debian-clang 0.1.4 NOTE
r-devel-linux-x86_64-debian-gcc 0.1.4 5.19 85.17 90.36 NOTE
r-devel-linux-x86_64-fedora-clang 0.1.4 163.36 OK
r-devel-linux-x86_64-fedora-gcc 0.1.4 137.01 OK
r-devel-windows-x86_64 0.1.4 7.00 112.00 119.00 OK
r-patched-linux-x86_64 0.1.4 7.46 105.40 112.86 OK
r-release-linux-x86_64 0.1.4 4.34 105.62 109.96 OK
r-release-macos-arm64 0.1.4 63.00 OK
r-release-macos-x86_64 0.1.4 96.00 OK
r-release-windows-x86_64 0.1.4 9.00 125.00 134.00 OK
r-oldrel-macos-arm64 0.1.4 82.00 OK
r-oldrel-windows-x86_64 0.1.4 9.00 132.00 141.00 OK

Check Details

Version: 0.1.4
Check: Rd files
Result: NOTE checkRd: (-1) conifersIP.Rd:9: Lost braces; missing escapes or markup? 9 | \code{conifersIP} {has following variables:} | ^ checkRd: (-1) conifersIP.Rd:11: Lost braces in \itemize; meant \describe ? checkRd: (-1) conifersIP.Rd:12: Lost braces in \itemize; meant \describe ? checkRd: (-1) conifersIP.Rd:13: Lost braces in \itemize; meant \describe ? checkRd: (-1) conifersIP.Rd:14: Lost braces in \itemize; meant \describe ? checkRd: (-1) conifersIP.Rd:15: Lost braces in \itemize; meant \describe ? checkRd: (-1) sync.Rd:22: Lost braces in \itemize; \value handles \item{}{} directly checkRd: (-1) sync.Rd:23: Lost braces in \itemize; \value handles \item{}{} directly checkRd: (-1) sync.Rd:24: Lost braces in \itemize; \value handles \item{}{} directly checkRd: (-1) sync.Rd:25: Lost braces in \itemize; \value handles \item{}{} directly checkRd: (-1) sync.Rd:26: Lost braces in \itemize; \value handles \item{}{} directly checkRd: (-1) sync.Rd:27: Lost braces in \itemize; \value handles \item{}{} directly checkRd: (-1) sync.Rd:28: Lost braces in \itemize; \value handles \item{}{} directly Flavors: r-devel-linux-x86_64-debian-clang, r-devel-linux-x86_64-debian-gcc