CRAN Package Check Results for Package DendroSync

Last updated on 2024-07-25 00:51:54 CEST.

Flavor Version Tinstall Tcheck Ttotal Status Flags
r-devel-linux-x86_64-debian-clang 0.1.4 6.95 117.37 124.32 NOTE
r-devel-linux-x86_64-debian-gcc 0.1.4 4.91 85.79 90.70 NOTE
r-devel-linux-x86_64-fedora-clang 0.1.4 151.20 NOTE
r-devel-linux-x86_64-fedora-gcc 0.1.4 144.12 NOTE
r-devel-windows-x86_64 0.1.4 8.00 112.00 120.00 NOTE
r-patched-linux-x86_64 0.1.4 6.83 106.15 112.98 NOTE
r-release-linux-x86_64 0.1.4 6.92 105.49 112.41 NOTE
r-release-macos-arm64 0.1.4 56.00 NOTE
r-release-macos-x86_64 0.1.4 82.00 NOTE
r-release-windows-x86_64 0.1.4 7.00 111.00 118.00 NOTE
r-oldrel-macos-arm64 0.1.4 63.00 OK
r-oldrel-macos-x86_64 0.1.4 96.00 OK
r-oldrel-windows-x86_64 0.1.4 9.00 126.00 135.00 OK

Check Details

Version: 0.1.4
Check: Rd files
Result: NOTE checkRd: (-1) conifersIP.Rd:9: Lost braces; missing escapes or markup? 9 | \code{conifersIP} {has following variables:} | ^ checkRd: (-1) conifersIP.Rd:11: Lost braces in \itemize; meant \describe ? checkRd: (-1) conifersIP.Rd:12: Lost braces in \itemize; meant \describe ? checkRd: (-1) conifersIP.Rd:13: Lost braces in \itemize; meant \describe ? checkRd: (-1) conifersIP.Rd:14: Lost braces in \itemize; meant \describe ? checkRd: (-1) conifersIP.Rd:15: Lost braces in \itemize; meant \describe ? checkRd: (-1) sync.Rd:22: Lost braces in \itemize; \value handles \item{}{} directly checkRd: (-1) sync.Rd:23: Lost braces in \itemize; \value handles \item{}{} directly checkRd: (-1) sync.Rd:24: Lost braces in \itemize; \value handles \item{}{} directly checkRd: (-1) sync.Rd:25: Lost braces in \itemize; \value handles \item{}{} directly checkRd: (-1) sync.Rd:26: Lost braces in \itemize; \value handles \item{}{} directly checkRd: (-1) sync.Rd:27: Lost braces in \itemize; \value handles \item{}{} directly checkRd: (-1) sync.Rd:28: Lost braces in \itemize; \value handles \item{}{} directly Flavors: r-devel-linux-x86_64-debian-clang, r-devel-linux-x86_64-debian-gcc, r-devel-linux-x86_64-fedora-clang, r-devel-linux-x86_64-fedora-gcc, r-devel-windows-x86_64, r-patched-linux-x86_64, r-release-linux-x86_64, r-release-macos-arm64, r-release-macos-x86_64, r-release-windows-x86_64

Version: 0.1.4
Check: Rd cross-references
Result: NOTE Found the following Rd file(s) with Rd \link{} targets missing package anchors: dendro.varcov.Rd: varFunc, varIdent, lmeObject Please provide package anchors for all Rd \link{} targets not in the package itself and the base packages. Flavors: r-devel-linux-x86_64-debian-gcc, r-devel-windows-x86_64