Last updated on 2024-04-27 00:57:56 CEST.
Flavor | Version | Tinstall | Tcheck | Ttotal | Status | Flags |
---|---|---|---|---|---|---|
r-devel-linux-x86_64-debian-clang | 1.2.1 | 4.48 | 299.93 | 304.41 | OK | |
r-devel-linux-x86_64-debian-gcc | 1.2.1 | 3.23 | 218.54 | 221.77 | OK | |
r-devel-linux-x86_64-fedora-clang | 1.2.1 | 377.16 | NOTE | |||
r-devel-linux-x86_64-fedora-gcc | 1.2.1 | 334.05 | OK | |||
r-devel-windows-x86_64 | 1.2.1 | 6.00 | 232.00 | 238.00 | NOTE | |
r-patched-linux-x86_64 | 1.2.1 | 4.36 | 289.29 | 293.65 | OK | |
r-release-linux-x86_64 | 1.2.1 | 4.57 | 279.39 | 283.96 | OK | |
r-release-macos-arm64 | 1.2.1 | 86.00 | NOTE | |||
r-release-macos-x86_64 | 1.2.1 | 362.00 | NOTE | |||
r-release-windows-x86_64 | 1.2.1 | 6.00 | 232.00 | 238.00 | NOTE | |
r-oldrel-macos-arm64 | 1.2.1 | 100.00 | NOTE | |||
r-oldrel-macos-x86_64 | 1.2.1 | 358.00 | NOTE | |||
r-oldrel-windows-x86_64 | 1.2.1 | 7.00 | 261.00 | 268.00 | NOTE |
Version: 1.2.1
Check: installed package size
Result: NOTE
installed size is 7.1Mb
sub-directories of 1Mb or more:
doc 4.8Mb
extdata 2.1Mb
Flavors: r-devel-linux-x86_64-fedora-clang, r-devel-windows-x86_64, r-release-macos-arm64, r-release-macos-x86_64, r-release-windows-x86_64, r-oldrel-macos-arm64, r-oldrel-macos-x86_64, r-oldrel-windows-x86_64