CRAN Package Check Results for Package DrugSim2DR

Last updated on 2024-03-03 01:00:42 CET.

Flavor Version Tinstall Tcheck Ttotal Status Flags
r-devel-linux-x86_64-debian-clang 0.1.1 15.49 120.42 135.91 OK
r-devel-linux-x86_64-debian-gcc 0.1.1 13.75 91.26 105.01 OK
r-devel-linux-x86_64-fedora-clang 0.1.1 173.43 NOTE
r-devel-linux-x86_64-fedora-gcc 0.1.1 181.81 NOTE
r-devel-windows-x86_64 0.1.1 15.00 110.00 125.00 OK
r-patched-linux-x86_64 0.1.1 17.32 118.14 135.46 OK
r-release-linux-x86_64 0.1.1 14.89 119.23 134.12 OK
r-release-macos-arm64 0.1.1 58.00 OK
r-release-macos-x86_64 0.1.1 127.00 OK
r-release-windows-x86_64 0.1.1 19.00 127.00 146.00 OK
r-oldrel-macos-arm64 0.1.1 57.00 OK
r-oldrel-windows-x86_64 0.1.1 21.00 130.00 151.00 OK

Check Details

Version: 0.1.1
Check: dependencies in R code
Result: NOTE Namespace in Imports field not imported from: ‘base’ All declared Imports should be used. Flavors: r-devel-linux-x86_64-fedora-clang, r-devel-linux-x86_64-fedora-gcc