CRAN Package Check Results for Package ECOSolveR

Last updated on 2024-02-23 16:53:16 CET.

Flavor Version Tinstall Tcheck Ttotal Status Flags
r-devel-linux-x86_64-debian-clang 0.5.5 NOTE
r-devel-linux-x86_64-debian-gcc 0.5.5 11.65 31.06 42.71 NOTE
r-devel-linux-x86_64-fedora-clang 0.5.5 74.03 NOTE
r-devel-linux-x86_64-fedora-gcc 0.5.5 80.71 NOTE
r-devel-windows-x86_64 0.5.5 36.00 56.00 92.00 NOTE
r-patched-linux-x86_64 0.5.5 14.84 39.52 54.36 NOTE
r-release-linux-x86_64 0.5.5 13.35 38.63 51.98 NOTE
r-release-macos-arm64 0.5.5 35.00 NOTE
r-release-macos-x86_64 0.5.5 89.00 NOTE
r-release-windows-x86_64 0.5.5 36.00 61.00 97.00 NOTE
r-oldrel-macos-arm64 0.5.5 30.00 NOTE
r-oldrel-windows-x86_64 0.5.5 39.00 64.00 103.00 NOTE

Check Details

Version: 0.5.5
Check: for GNU extensions in Makefiles
Result: NOTE GNU make is a SystemRequirements. Flavors: r-devel-linux-x86_64-debian-clang, r-devel-linux-x86_64-debian-gcc, r-devel-linux-x86_64-fedora-clang, r-devel-linux-x86_64-fedora-gcc, r-devel-windows-x86_64, r-patched-linux-x86_64, r-release-linux-x86_64, r-release-macos-arm64, r-release-macos-x86_64, r-release-windows-x86_64, r-oldrel-macos-arm64, r-oldrel-windows-x86_64