CRAN Package Check Results for Package EEAaq

Last updated on 2024-02-22 08:54:07 CET.

Flavor Version Tinstall Tcheck Ttotal Status Flags
r-devel-linux-x86_64-debian-clang 0.0.3 OK
r-devel-linux-x86_64-debian-gcc 0.0.3 10.41 45.87 56.28 OK
r-devel-linux-x86_64-fedora-clang 0.0.3 98.92 NOTE
r-devel-linux-x86_64-fedora-gcc 0.0.3 89.47 NOTE
r-devel-windows-x86_64 0.0.3 14.00 62.00 76.00 OK
r-patched-linux-x86_64 0.0.3 19.80 58.29 78.09 OK
r-release-linux-x86_64 0.0.3 11.87 59.33 71.20 OK
r-release-macos-arm64 0.0.3 40.00 OK
r-release-macos-x86_64 0.0.3 63.00 OK
r-release-windows-x86_64 0.0.3 18.00 71.00 89.00 OK
r-oldrel-macos-arm64 0.0.3 35.00 OK
r-oldrel-windows-x86_64 0.0.3 16.00 75.00 91.00 OK

Check Details

Version: 0.0.3
Check: data for non-ASCII characters
Result: NOTE Note: found 136358 marked UTF-8 strings Flavors: r-devel-linux-x86_64-fedora-clang, r-devel-linux-x86_64-fedora-gcc