Last updated on 2024-05-04 08:51:14 CEST.
Flavor | Version | Tinstall | Tcheck | Ttotal | Status | Flags |
---|---|---|---|---|---|---|
r-devel-linux-x86_64-debian-clang | 1.0 | 2.33 | 22.25 | 24.58 | NOTE | |
r-devel-linux-x86_64-debian-gcc | 1.0 | 1.78 | 16.71 | 18.49 | NOTE | |
r-devel-linux-x86_64-fedora-clang | 1.0 | 30.37 | NOTE | |||
r-devel-linux-x86_64-fedora-gcc | 1.0 | 29.49 | NOTE | |||
r-devel-windows-x86_64 | 1.0 | 2.00 | 35.00 | 37.00 | NOTE | |
r-patched-linux-x86_64 | 1.0 | 1.70 | 21.04 | 22.74 | NOTE | |
r-release-linux-x86_64 | 1.0 | 2.32 | 21.30 | 23.62 | NOTE | |
r-release-macos-arm64 | 1.0 | 13.00 | NOTE | |||
r-release-windows-x86_64 | 1.0 | 3.00 | 35.00 | 38.00 | NOTE | |
r-oldrel-macos-arm64 | 1.0 | 15.00 | NOTE | |||
r-oldrel-macos-x86_64 | 1.0 | 18.00 | NOTE | |||
r-oldrel-windows-x86_64 | 1.0 | 3.00 | 35.00 | 38.00 | NOTE |
Version: 1.0
Check: LazyData
Result: NOTE
'LazyData' is specified without a 'data' directory
Flavors: r-devel-linux-x86_64-debian-clang, r-devel-linux-x86_64-debian-gcc, r-devel-linux-x86_64-fedora-clang, r-devel-linux-x86_64-fedora-gcc, r-devel-windows-x86_64, r-patched-linux-x86_64, r-release-linux-x86_64, r-release-macos-arm64, r-release-windows-x86_64, r-oldrel-macos-arm64, r-oldrel-macos-x86_64, r-oldrel-windows-x86_64