CRAN Package Check Results for Package ENMeval

Last updated on 2024-02-28 00:56:19 CET.

Flavor Version Tinstall Tcheck Ttotal Status Flags
r-devel-linux-x86_64-debian-clang 2.0.4 31.33 634.05 665.38 OK
r-devel-linux-x86_64-debian-gcc 2.0.4 29.90 446.93 476.83 OK
r-devel-linux-x86_64-fedora-clang 2.0.4 826.48 NOTE
r-devel-linux-x86_64-fedora-gcc 2.0.4 838.20 NOTE
r-devel-windows-x86_64 2.0.4 33.00 425.00 458.00 OK
r-patched-linux-x86_64 2.0.4 26.76 603.14 629.90 OK
r-release-linux-x86_64 2.0.4 25.53 601.10 626.63 OK
r-release-macos-arm64 2.0.4 195.00 OK
r-release-macos-x86_64 2.0.4 367.00 OK
r-release-windows-x86_64 2.0.4 46.00 555.00 601.00 OK
r-oldrel-macos-arm64 2.0.4 175.00 OK
r-oldrel-windows-x86_64 2.0.4 45.00 506.00 551.00 OK

Check Details

Version: 2.0.4
Check: data for non-ASCII characters
Result: NOTE Note: found 2 marked UTF-8 strings Flavors: r-devel-linux-x86_64-fedora-clang, r-devel-linux-x86_64-fedora-gcc