CRAN Package Check Results for Package ERP

Last updated on 2024-04-12 01:00:19 CEST.

Flavor Version Tinstall Tcheck Ttotal Status Flags
r-devel-linux-x86_64-debian-clang 2.2 10.92 216.94 227.86 NOTE
r-devel-linux-x86_64-debian-gcc 2.2 8.51 193.52 202.03 NOTE
r-devel-linux-x86_64-fedora-clang 2.2 277.40 NOTE
r-devel-linux-x86_64-fedora-gcc 2.2 322.32 NOTE
r-devel-windows-x86_64 2.2 9.00 229.00 238.00 NOTE
r-patched-linux-x86_64 2.2 10.39 246.48 256.87 NOTE
r-release-linux-x86_64 2.2 10.77 232.16 242.93 OK
r-release-macos-arm64 2.2 168.00 OK
r-release-macos-x86_64 2.2 228.00 OK
r-release-windows-x86_64 2.2 11.00 272.00 283.00 OK
r-oldrel-macos-arm64 2.2 146.00 OK
r-oldrel-windows-x86_64 2.2 13.00 263.00 276.00 OK

Check Details

Version: 2.2
Check: Rd files
Result: NOTE checkRd: (-1) ifa.Rd:16: Lost braces; missing escapes or markup? 16 | If Sigma has the q-factor decomposition Sigma=diag(Psi)+BB', then Sigma^{-1} | ^ checkRd: (-1) ifa.Rd:17: Lost braces; missing escapes or markup? 17 | has the corresponding q-factor decomposition Sigma^{-1}=diag(phi)(I-theta theta')diag(phi), where theta is a mxq matrix and phi the vector of | ^ checkRd: (-1) ifa.Rd:21: Lost braces; missing escapes or markup? 21 | \item{iSB}{m x q matrix (diag(Psi)+BB')^{-1}B.} | ^ checkRd: (-1) isqrtfa.Rd:15: Lost braces; missing escapes or markup? 15 | If Sigma has the q-factor decomposition Sigma=diag(Psi)+BB', then the function returns a matrix Omega such that Sigma^{-1} = Omega Omega'. Equivalently, | ^ Flavors: r-devel-linux-x86_64-debian-clang, r-devel-linux-x86_64-debian-gcc, r-devel-linux-x86_64-fedora-clang, r-devel-linux-x86_64-fedora-gcc, r-devel-windows-x86_64, r-patched-linux-x86_64