CRAN Package Check Results for Package EcotoneFinder

Last updated on 2024-03-02 16:54:44 CET.

Flavor Version Tinstall Tcheck Ttotal Status Flags
r-devel-linux-x86_64-debian-clang 0.2.3 5.86 109.39 115.25 NOTE
r-devel-linux-x86_64-debian-gcc 0.2.3 4.02 82.56 86.58 NOTE
r-devel-linux-x86_64-fedora-clang 0.2.3 151.03 NOTE
r-devel-linux-x86_64-fedora-gcc 0.2.3 138.03 NOTE
r-devel-windows-x86_64 0.2.3 6.00 105.00 111.00 NOTE
r-patched-linux-x86_64 0.2.3 3.88 107.91 111.79 NOTE
r-release-linux-x86_64 0.2.3 3.65 105.59 109.24 NOTE
r-release-macos-arm64 0.2.3 44.00 NOTE
r-release-macos-x86_64 0.2.3 76.00 NOTE
r-release-windows-x86_64 0.2.3 8.00 128.00 136.00 NOTE
r-oldrel-macos-arm64 0.2.3 38.00 NOTE
r-oldrel-windows-x86_64 0.2.3 8.00 127.00 135.00 NOTE

Check Details

Version: 0.2.3
Check: LazyData
Result: NOTE 'LazyData' is specified without a 'data' directory Flavors: r-devel-linux-x86_64-debian-clang, r-devel-linux-x86_64-debian-gcc, r-devel-linux-x86_64-fedora-clang, r-devel-linux-x86_64-fedora-gcc, r-devel-windows-x86_64, r-patched-linux-x86_64, r-release-linux-x86_64, r-release-macos-arm64, r-release-macos-x86_64, r-release-windows-x86_64, r-oldrel-macos-arm64, r-oldrel-windows-x86_64

Version: 0.2.3
Check: dependencies in R code
Result: NOTE Namespaces in Imports field not imported from: ‘Rmisc’ ‘rlang’ All declared Imports should be used. Flavors: r-devel-linux-x86_64-fedora-clang, r-devel-linux-x86_64-fedora-gcc, r-oldrel-macos-arm64