Last updated on 2024-04-18 01:02:50 CEST.
Flavor | Version | Tinstall | Tcheck | Ttotal | Status | Flags |
---|---|---|---|---|---|---|
r-devel-linux-x86_64-debian-clang | 0.9.1 | 19.10 | 281.63 | 300.73 | NOTE | |
r-devel-linux-x86_64-debian-gcc | 0.9.1 | 17.51 | 202.26 | 219.77 | NOTE | |
r-devel-linux-x86_64-fedora-clang | 0.9.1 | 362.96 | NOTE | |||
r-devel-linux-x86_64-fedora-gcc | 0.9.1 | 493.13 | NOTE | |||
r-prerel-macos-arm64 | 0.9.1 | 99.00 | NOTE | |||
r-prerel-windows-x86_64 | 0.9.1 | 17.00 | 200.00 | 217.00 | NOTE | |
r-patched-linux-x86_64 | 0.9.1 | 13.04 | 263.15 | 276.19 | NOTE | |
r-release-linux-x86_64 | 0.9.1 | 12.82 | 263.45 | 276.27 | NOTE | |
r-release-macos-arm64 | 0.9.1 | 174.00 | NOTE | |||
r-release-macos-x86_64 | 0.9.1 | 209.00 | NOTE | |||
r-release-windows-x86_64 | 0.9.1 | 23.00 | 262.00 | 285.00 | NOTE | |
r-oldrel-macos-arm64 | 0.9.1 | 140.00 | NOTE | |||
r-oldrel-windows-x86_64 | 0.9.1 | 24.00 | 369.00 | 393.00 | NOTE |
Version: 0.9.1
Check: LazyData
Result: NOTE
'LazyData' is specified without a 'data' directory
Flavors: r-devel-linux-x86_64-debian-clang, r-devel-linux-x86_64-debian-gcc, r-devel-linux-x86_64-fedora-clang, r-devel-linux-x86_64-fedora-gcc, r-prerel-macos-arm64, r-prerel-windows-x86_64, r-patched-linux-x86_64, r-release-linux-x86_64, r-release-macos-arm64, r-release-macos-x86_64, r-release-windows-x86_64, r-oldrel-macos-arm64, r-oldrel-windows-x86_64