CRAN Package Check Results for Package EnvNJ

Last updated on 2024-02-20 16:49:26 CET.

Flavor Version Tinstall Tcheck Ttotal Status Flags
r-devel-linux-x86_64-debian-clang 0.1.3 NOTE
r-devel-linux-x86_64-debian-gcc 0.1.3 10.28 359.97 370.25 NOTE
r-devel-linux-x86_64-fedora-clang 0.1.3 624.12 OK
r-devel-linux-x86_64-fedora-gcc 0.1.3 612.70 OK
r-devel-windows-x86_64 0.1.3 11.00 370.00 381.00 OK
r-patched-linux-x86_64 0.1.3 13.13 501.24 514.37 OK
r-release-linux-x86_64 0.1.3 14.27 501.80 516.07 OK
r-release-macos-arm64 0.1.3 151.00 OK
r-release-macos-x86_64 0.1.3 258.00 OK
r-release-windows-x86_64 0.1.3 14.00 524.00 538.00 OK
r-oldrel-macos-arm64 0.1.3 118.00 OK
r-oldrel-windows-x86_64 0.1.3 13.00 504.00 517.00 OK

Check Details

Version: 0.1.3
Check: Rd files
Result: NOTE checkRd: (-1) metrics.Rd:124: Lost braces 124 | Avg = 0.5 (sum | P_i - Q_i| + max{ | P_i - Q_i |}) | ^ Flavors: r-devel-linux-x86_64-debian-clang, r-devel-linux-x86_64-debian-gcc