CRAN Package Check Results for Package EquiSurv

Last updated on 2024-04-12 01:00:19 CEST.

Flavor Version Tinstall Tcheck Ttotal Status Flags
r-devel-linux-x86_64-debian-clang 0.1.0 8.37 112.50 120.87 NOTE
r-devel-linux-x86_64-debian-gcc 0.1.0 6.33 76.30 82.63 NOTE
r-devel-linux-x86_64-fedora-clang 0.1.0 136.48 NOTE
r-devel-linux-x86_64-fedora-gcc 0.1.0 133.78 NOTE
r-devel-windows-x86_64 0.1.0 8.00 84.00 92.00 NOTE
r-patched-linux-x86_64 0.1.0 7.37 100.92 108.29 NOTE
r-release-linux-x86_64 0.1.0 5.68 99.50 105.18 NOTE
r-release-macos-arm64 0.1.0 43.00 NOTE
r-release-macos-x86_64 0.1.0 73.00 NOTE
r-release-windows-x86_64 0.1.0 10.00 114.00 124.00 NOTE
r-oldrel-macos-arm64 0.1.0 39.00 NOTE
r-oldrel-windows-x86_64 0.1.0 9.00 108.00 117.00 NOTE

Check Details

Version: 0.1.0
Check: LazyData
Result: NOTE 'LazyData' is specified without a 'data' directory Flavors: r-devel-linux-x86_64-debian-clang, r-devel-linux-x86_64-debian-gcc, r-devel-linux-x86_64-fedora-clang, r-devel-linux-x86_64-fedora-gcc, r-devel-windows-x86_64, r-patched-linux-x86_64, r-release-linux-x86_64, r-release-macos-arm64, r-release-macos-x86_64, r-release-windows-x86_64, r-oldrel-macos-arm64, r-oldrel-windows-x86_64