Last updated on 2024-05-04 08:51:15 CEST.
Flavor | Version | Tinstall | Tcheck | Ttotal | Status | Flags |
---|---|---|---|---|---|---|
r-devel-linux-x86_64-debian-clang | 4.0.0 | 15.47 | 253.19 | 268.66 | NOTE | |
r-devel-linux-x86_64-debian-gcc | 4.0.0 | 10.17 | 199.98 | 210.15 | NOTE | |
r-devel-linux-x86_64-fedora-clang | 4.0.0 | 347.82 | NOTE | |||
r-devel-linux-x86_64-fedora-gcc | 4.0.0 | 387.95 | NOTE | |||
r-devel-windows-x86_64 | 4.0.0 | 13.00 | 244.00 | 257.00 | NOTE | |
r-patched-linux-x86_64 | 4.0.0 | 20.06 | 243.31 | 263.37 | NOTE | |
r-release-linux-x86_64 | 4.0.0 | 12.40 | 250.83 | 263.23 | NOTE | |
r-release-macos-arm64 | 4.0.0 | 92.00 | NOTE | |||
r-release-windows-x86_64 | 4.0.0 | 12.00 | 243.00 | 255.00 | NOTE | |
r-oldrel-macos-arm64 | 4.0.0 | 117.00 | OK | |||
r-oldrel-macos-x86_64 | 4.0.0 | 182.00 | OK | |||
r-oldrel-windows-x86_64 | 4.0.0 | 17.00 | 318.00 | 335.00 | OK |
Version: 4.0.0
Check: Rd files
Result: NOTE
checkRd: (-1) integration.Rd:37-38: Lost braces in \itemize; meant \describe ?
checkRd: (-1) integration.Rd:39: Lost braces in \itemize; meant \describe ?
checkRd: (-1) integration.Rd:40: Lost braces in \itemize; meant \describe ?
checkRd: (-1) integration.Rd:41-42: Lost braces in \itemize; meant \describe ?
checkRd: (-1) loess.options.Rd:25-26: Lost braces in \itemize; meant \describe ?
checkRd: (-1) loess.options.Rd:27-28: Lost braces in \itemize; meant \describe ?
checkRd: (-1) maxlogLreg.Rd:138: Lost braces; missing escapes or markup?
138 | $j^{th}$ for all the observations.
| ^
Flavors: r-devel-linux-x86_64-debian-clang, r-devel-linux-x86_64-debian-gcc, r-devel-linux-x86_64-fedora-clang, r-devel-linux-x86_64-fedora-gcc, r-devel-windows-x86_64, r-patched-linux-x86_64, r-release-linux-x86_64, r-release-macos-arm64, r-release-windows-x86_64