CRAN Package Check Results for Package EstimationTools

Last updated on 2024-02-28 00:56:19 CET.

Flavor Version Tinstall Tcheck Ttotal Status Flags
r-devel-linux-x86_64-debian-clang 4.0.0 11.25 252.72 263.97 NOTE
r-devel-linux-x86_64-debian-gcc 4.0.0 11.67 200.54 212.21 NOTE
r-devel-linux-x86_64-fedora-clang 4.0.0 340.90 NOTE
r-devel-linux-x86_64-fedora-gcc 4.0.0 381.02 NOTE
r-devel-windows-x86_64 4.0.0 12.00 248.00 260.00 OK
r-patched-linux-x86_64 4.0.0 18.56 242.31 260.87 OK
r-release-linux-x86_64 4.0.0 11.40 240.93 252.33 OK
r-release-macos-arm64 4.0.0 117.00 OK
r-release-macos-x86_64 4.0.0 182.00 OK
r-release-windows-x86_64 4.0.0 16.00 325.00 341.00 OK
r-oldrel-macos-arm64 4.0.0 111.00 OK
r-oldrel-windows-x86_64 4.0.0 17.00 340.00 357.00 OK

Check Details

Version: 4.0.0
Check: Rd files
Result: NOTE checkRd: (-1) integration.Rd:37-38: Lost braces in \itemize; meant \describe ? checkRd: (-1) integration.Rd:39: Lost braces in \itemize; meant \describe ? checkRd: (-1) integration.Rd:40: Lost braces in \itemize; meant \describe ? checkRd: (-1) integration.Rd:41-42: Lost braces in \itemize; meant \describe ? checkRd: (-1) loess.options.Rd:25-26: Lost braces in \itemize; meant \describe ? checkRd: (-1) loess.options.Rd:27-28: Lost braces in \itemize; meant \describe ? checkRd: (-1) maxlogLreg.Rd:138: Lost braces; missing escapes or markup? 138 | $j^{th}$ for all the observations. | ^ Flavors: r-devel-linux-x86_64-debian-clang, r-devel-linux-x86_64-debian-gcc, r-devel-linux-x86_64-fedora-clang, r-devel-linux-x86_64-fedora-gcc