CRAN Package Check Results for Package ExhaustiveSearch

Last updated on 2024-02-21 00:54:27 CET.

Flavor Version Tinstall Tcheck Ttotal Status Flags
r-devel-linux-x86_64-debian-clang 1.0.1 NOTE
r-devel-linux-x86_64-debian-gcc 1.0.1 47.36 22.48 69.84 NOTE
r-devel-linux-x86_64-fedora-clang 1.0.1 148.44 NOTE
r-devel-linux-x86_64-fedora-gcc 1.0.1 129.37 NOTE
r-devel-windows-x86_64 1.0.1 48.00 64.00 112.00 NOTE
r-patched-linux-x86_64 1.0.1 61.22 28.57 89.79 NOTE
r-release-linux-x86_64 1.0.1 65.79 29.10 94.89 NOTE
r-release-macos-arm64 1.0.1 34.00 NOTE
r-release-macos-x86_64 1.0.1 56.00 NOTE
r-release-windows-x86_64 1.0.1 60.00 69.00 129.00 NOTE
r-oldrel-macos-arm64 1.0.1 32.00 OK
r-oldrel-windows-x86_64 1.0.1 60.00 68.00 128.00 OK

Check Details

Version: 1.0.1
Check: C++ specification
Result: NOTE Specified C++11: please drop specification unless essential Flavors: r-devel-linux-x86_64-debian-clang, r-devel-linux-x86_64-debian-gcc, r-devel-linux-x86_64-fedora-clang, r-devel-linux-x86_64-fedora-gcc, r-devel-windows-x86_64, r-patched-linux-x86_64, r-release-linux-x86_64, r-release-macos-arm64, r-release-macos-x86_64, r-release-windows-x86_64