CRAN Package Check Results for Package ExpDes

Last updated on 2024-03-02 00:53:24 CET.

Flavor Version Tinstall Tcheck Ttotal Status Flags
r-devel-linux-x86_64-debian-clang 1.2.2 23.23 122.94 146.17 NOTE
r-devel-linux-x86_64-debian-gcc 1.2.2 17.47 87.97 105.44 NOTE
r-devel-linux-x86_64-fedora-clang 1.2.2 186.26 NOTE
r-devel-linux-x86_64-fedora-gcc 1.2.2 181.44 NOTE
r-devel-windows-x86_64 1.2.2 19.00 98.00 117.00 OK
r-patched-linux-x86_64 1.2.2 23.06 115.63 138.69 OK
r-release-linux-x86_64 1.2.2 21.71 117.91 139.62 OK
r-release-macos-arm64 1.2.2 48.00 OK
r-release-macos-x86_64 1.2.2 79.00 OK
r-release-windows-x86_64 1.2.2 22.00 120.00 142.00 OK
r-oldrel-macos-arm64 1.2.2 39.00 OK
r-oldrel-windows-x86_64 1.2.2 32.00 124.00 156.00 OK

Check Details

Version: 1.2.2
Check: Rd files
Result: NOTE checkRd: (-1) ccF.Rd:41: Lost braces 41 | CALI\'{N}SKI, T.; CORSTEN, L. C. A. Clustering | ^ Flavors: r-devel-linux-x86_64-debian-clang, r-devel-linux-x86_64-debian-gcc, r-devel-linux-x86_64-fedora-clang, r-devel-linux-x86_64-fedora-gcc