CRAN Package Check Results for Package ExpImage

Last updated on 2024-02-29 08:48:52 CET.

Flavor Version Tinstall Tcheck Ttotal Status Flags
r-devel-linux-x86_64-debian-clang 0.9.0 39.88 491.17 531.05 ERROR
r-devel-linux-x86_64-debian-gcc 0.9.0 25.72 355.85 381.57 ERROR
r-devel-linux-x86_64-fedora-clang 0.9.0 678.29 NOTE
r-devel-linux-x86_64-fedora-gcc 0.9.0 561.65 OK
r-devel-windows-x86_64 0.9.0 29.00 375.00 404.00 OK
r-patched-linux-x86_64 0.9.0 37.22 468.93 506.15 ERROR
r-release-linux-x86_64 0.9.0 26.75 470.63 497.38 ERROR
r-release-macos-arm64 0.9.0 224.00 OK
r-release-macos-x86_64 0.9.0 439.00 OK
r-release-windows-x86_64 0.9.0 40.00 489.00 529.00 OK
r-oldrel-macos-arm64 0.9.0 253.00 NOTE
r-oldrel-windows-x86_64 0.9.0 39.00 486.00 525.00 OK

Check Details

Version: 0.9.0
Check: examples
Result: ERROR Running examples in ‘ExpImage-Ex.R’ failed The error most likely occurred in: > base::assign(".ptime", proc.time(), pos = "CheckExEnv") > ### Name: tif_info > ### Title: Image information in tif format (Informacoes das imagens no > ### formato tif). > ### Aliases: tif_info > > ### ** Examples > > ######################################################## > ###' Abrindo o endereco de bandas de imagens de satelite > ######################################################## > end1=example_image(14) #Banda de azul > > ######################################################## > ###' Abrindo bandas de imagens de satelite > B1=read_image(end1,plot=TRUE) Warning: https://github.com/AlcineiAzevedo/Files_ExpImage/raw/main/satelite1_Blue.tif: No such file or directory (GDAL error 4) Error in .rasterObjectFromFile(x, objecttype = "RasterBrick", ...) : Cannot create a RasterLayer object from this file. (file does not exist) Calls: read_image ... .quickStackOneFile -> brick -> brick -> .rasterObjectFromFile Execution halted Flavors: r-devel-linux-x86_64-debian-clang, r-devel-linux-x86_64-debian-gcc, r-patched-linux-x86_64, r-release-linux-x86_64

Version: 0.9.0
Check: installed package size
Result: NOTE installed size is 5.0Mb sub-directories of 1Mb or more: doc 3.5Mb images 1.1Mb Flavors: r-devel-linux-x86_64-fedora-clang, r-oldrel-macos-arm64