Last updated on 2023-10-04 00:58:22 CEST.
Flavor | Version | Tinstall | Tcheck | Ttotal | Status | Flags |
---|---|---|---|---|---|---|
r-devel-linux-x86_64-debian-clang | 2.3.0 | 5.52 | 55.20 | 60.72 | NOTE | |
r-devel-linux-x86_64-debian-gcc | 2.3.0 | 4.34 | 41.69 | 46.03 | NOTE | |
r-devel-linux-x86_64-fedora-clang | 2.3.0 | 78.57 | NOTE | |||
r-devel-linux-x86_64-fedora-gcc | 2.3.0 | 83.87 | NOTE | |||
r-devel-windows-x86_64 | 2.3.0 | 7.00 | 82.00 | 89.00 | NOTE | |
r-patched-linux-x86_64 | 2.3.0 | 6.53 | 52.55 | 59.08 | OK | |
r-release-linux-x86_64 | 2.3.0 | 5.83 | 52.54 | 58.37 | OK | |
r-release-macos-arm64 | 2.3.0 | 34.00 | OK | |||
r-release-macos-x86_64 | 2.3.0 | 49.00 | OK | |||
r-release-windows-x86_64 | 2.3.0 | 9.00 | 84.00 | 93.00 | OK | |
r-oldrel-macos-arm64 | 2.3.0 | 29.00 | OK | |||
r-oldrel-macos-x86_64 | 2.3.0 | 39.00 | OK | |||
r-oldrel-windows-x86_64 | 2.3.0 | 8.00 | 78.00 | 86.00 | OK |
Version: 2.3.0
Check: Rd \usage sections
Result: NOTE
Documented arguments not in \usage in documentation object 'check_cache':
‘data’ ‘reset’
Functions with \usage entries need to have the appropriate \alias
entries, and all their arguments documented.
The \usage entries must correspond to syntactically valid R code.
See chapter ‘Writing R documentation files’ in the ‘Writing R
Extensions’ manual.
Flavors: r-devel-linux-x86_64-debian-clang, r-devel-linux-x86_64-debian-gcc, r-devel-linux-x86_64-fedora-clang, r-devel-linux-x86_64-fedora-gcc, r-devel-windows-x86_64
Version: 2.3.0
Check: data for non-ASCII characters
Result: NOTE
Note: found 179 marked UTF-8 strings
Flavors: r-devel-linux-x86_64-fedora-clang, r-devel-linux-x86_64-fedora-gcc