CRAN Package Check Results for Package FGLMtrunc

Last updated on 2024-02-27 08:55:16 CET.

Flavor Version Tinstall Tcheck Ttotal Status Flags
r-devel-linux-x86_64-debian-clang 0.1.0 46.65 410.42 457.07 NOTE
r-devel-linux-x86_64-debian-gcc 0.1.0 40.75 826.74 867.49 NOTE
r-devel-linux-x86_64-fedora-clang 0.1.0 518.33 NOTE
r-devel-linux-x86_64-fedora-gcc 0.1.0 741.25 NOTE
r-devel-windows-x86_64 0.1.0 38.00 253.00 291.00 NOTE
r-patched-linux-x86_64 0.1.0 49.38 574.55 623.93 NOTE
r-release-linux-x86_64 0.1.0 55.08 568.37 623.45 NOTE
r-release-macos-arm64 0.1.0 168.00 NOTE
r-release-macos-x86_64 0.1.0 240.00 NOTE
r-release-windows-x86_64 0.1.0 49.00 282.00 331.00 NOTE
r-oldrel-macos-arm64 0.1.0 148.00 OK
r-oldrel-windows-x86_64 0.1.0 47.00 272.00 319.00 OK

Check Details

Version: 0.1.0
Check: C++ specification
Result: NOTE Specified C++11: please drop specification unless essential Flavors: r-devel-linux-x86_64-debian-clang, r-devel-linux-x86_64-debian-gcc, r-devel-linux-x86_64-fedora-clang, r-devel-linux-x86_64-fedora-gcc, r-devel-windows-x86_64, r-patched-linux-x86_64, r-release-linux-x86_64, r-release-macos-arm64, r-release-macos-x86_64, r-release-windows-x86_64