CRAN Package Check Results for Package FMradio

Last updated on 2024-02-23 00:59:29 CET.

Flavor Version Tinstall Tcheck Ttotal Status Flags
r-devel-linux-x86_64-debian-clang 1.1.1 NOTE
r-devel-linux-x86_64-debian-gcc 1.1.1 10.28 90.17 100.45 NOTE
r-devel-linux-x86_64-fedora-clang 1.1.1 171.13 NOTE
r-devel-linux-x86_64-fedora-gcc 1.1.1 166.61 NOTE
r-devel-windows-x86_64 1.1.1 12.00 113.00 125.00 OK
r-patched-linux-x86_64 1.1.1 12.95 115.53 128.48 OK
r-release-linux-x86_64 1.1.1 11.81 116.31 128.12 OK
r-release-macos-arm64 1.1.1 51.00 OK
r-release-macos-x86_64 1.1.1 74.00 OK
r-release-windows-x86_64 1.1.1 15.00 129.00 144.00 OK
r-oldrel-macos-arm64 1.1.1 59.00 OK
r-oldrel-windows-x86_64 1.1.1 16.00 129.00 145.00 OK

Check Details

Version: 1.1.1
Check: Rd files
Result: NOTE checkRd: (-1) autoFMradio.Rd:46: Lost braces; missing escapes or markup? 46 | Step 1 (regularized correlation matrix estimation) is performed using the \code{X}, \code{t}, and {fold} arguments. | ^ Flavors: r-devel-linux-x86_64-debian-clang, r-devel-linux-x86_64-debian-gcc, r-devel-linux-x86_64-fedora-clang, r-devel-linux-x86_64-fedora-gcc