Last updated on 2023-11-29 16:51:42 CET.
Flavor | Version | Tinstall | Tcheck | Ttotal | Status | Flags |
---|---|---|---|---|---|---|
r-devel-linux-x86_64-debian-clang | 1.1.3.2 | 56.58 | 27.25 | 83.83 | WARN | |
r-devel-linux-x86_64-debian-gcc | 1.1.3.2 | 30.59 | 20.70 | 51.29 | WARN | |
r-devel-linux-x86_64-fedora-clang | 1.1.3.2 | 137.16 | WARN | |||
r-devel-linux-x86_64-fedora-gcc | 1.1.3.2 | 123.33 | WARN | |||
r-devel-windows-x86_64 | 1.1.3.2 | 47.00 | 67.00 | 114.00 | WARN | |
r-patched-linux-x86_64 | 1.1.3.2 | 45.43 | 26.80 | 72.23 | OK | |
r-release-linux-x86_64 | 1.1.3.2 | 44.92 | 26.64 | 71.56 | OK | |
r-release-macos-arm64 | 1.1.3.2 | 35.00 | OK | |||
r-release-macos-x86_64 | 1.1.3.2 | 53.00 | OK | |||
r-release-windows-x86_64 | 1.1.3.2 | 55.00 | 65.00 | 120.00 | OK | |
r-oldrel-macos-arm64 | 1.1.3.2 | 38.00 | OK | |||
r-oldrel-macos-x86_64 | 1.1.3.2 | 57.00 | OK | |||
r-oldrel-windows-x86_64 | 1.1.3.2 | 54.00 | 66.00 | 120.00 | OK |
Version: 1.1.3.2
Check: whether package can be installed
Result: WARN
Found the following significant warnings:
ANN.cpp:173:31: warning: data argument not used by format string [-Wformat-extra-args]
ANN.cpp:181:34: warning: data argument not used by format string [-Wformat-extra-args]
KNN_cover_tree.cpp:103:50: warning: format specifies type 'int' but the argument has type 'size_type' (aka 'unsigned long') [-Wformat]
KNN_cover_tree.cpp:156:48: warning: format specifies type 'int' but the argument has type 'size_type' (aka 'unsigned long') [-Wformat]
KNN_cover_tree.cpp:221:52: warning: format specifies type 'int' but the argument has type 'size_type' (aka 'unsigned long') [-Wformat]
See ‘/home/hornik/tmp/R.check/r-devel-clang/Work/PKGS/FNN.Rcheck/00install.out’ for details.
* used C compiler: ‘Debian clang version 17.0.5 (1)’
* used C++ compiler: ‘Debian clang version 17.0.5 (1)’
Flavor: r-devel-linux-x86_64-debian-clang
Version: 1.1.3.2
Check: whether package can be installed
Result: WARN
Found the following significant warnings:
ANN.cpp:173:23: warning: too many arguments for format [-Wformat-extra-args]
ANN.cpp:181:26: warning: too many arguments for format [-Wformat-extra-args]
KNN_cover_tree.cpp:103:18: warning: format ‘%d’ expects argument of type ‘int’, but argument 2 has type ‘std::vector<double>::size_type’ {aka ‘long unsigned int’} [-Wformat=]
KNN_cover_tree.cpp:156:18: warning: format ‘%d’ expects argument of type ‘int’, but argument 2 has type ‘std::vector<Id_dist>::size_type’ {aka ‘long unsigned int’} [-Wformat=]
KNN_cover_tree.cpp:221:20: warning: format ‘%d’ expects argument of type ‘int’, but argument 2 has type ‘std::vector<Id_dist>::size_type’ {aka ‘long unsigned int’} [-Wformat=]
See ‘/home/hornik/tmp/R.check/r-devel-gcc/Work/PKGS/FNN.Rcheck/00install.out’ for details.
* used C compiler: ‘gcc-13 (Debian 13.2.0-5) 13.2.0’
* used C++ compiler: ‘g++-13 (Debian 13.2.0-5) 13.2.0’
Flavor: r-devel-linux-x86_64-debian-gcc
Version: 1.1.3.2
Check: whether package can be installed
Result: WARN
Found the following significant warnings:
ANN.cpp:173:31: warning: data argument not used by format string [-Wformat-extra-args]
ANN.cpp:181:34: warning: data argument not used by format string [-Wformat-extra-args]
KNN_cover_tree.cpp:103:50: warning: format specifies type 'int' but the argument has type 'size_type' (aka 'unsigned long') [-Wformat]
KNN_cover_tree.cpp:156:48: warning: format specifies type 'int' but the argument has type 'size_type' (aka 'unsigned long') [-Wformat]
KNN_cover_tree.cpp:221:52: warning: format specifies type 'int' but the argument has type 'size_type' (aka 'unsigned long') [-Wformat]
See ‘/data/gannet/ripley/R/packages/tests-clang/FNN.Rcheck/00install.out’ for details.
* used C compiler: ‘clang version 17.0.5’
* used C++ compiler: ‘clang version 17.0.5’
Flavor: r-devel-linux-x86_64-fedora-clang
Version: 1.1.3.2
Check: whether package can be installed
Result: WARN
Found the following significant warnings:
ANN.cpp:173:23: warning: too many arguments for format [-Wformat-extra-args]
ANN.cpp:181:26: warning: too many arguments for format [-Wformat-extra-args]
KNN_cover_tree.cpp:103:18: warning: format '%d' expects argument of type 'int', but argument 2 has type 'std::vector<double>::size_type' {aka 'long unsigned int'} [-Wformat=]
KNN_cover_tree.cpp:156:18: warning: format '%d' expects argument of type 'int', but argument 2 has type 'std::vector<Id_dist>::size_type' {aka 'long unsigned int'} [-Wformat=]
KNN_cover_tree.cpp:221:20: warning: format '%d' expects argument of type 'int', but argument 2 has type 'std::vector<Id_dist>::size_type' {aka 'long unsigned int'} [-Wformat=]
See ‘/data/gannet/ripley/R/packages/tests-devel/FNN.Rcheck/00install.out’ for details.
* used C compiler: ‘gcc-13 (GCC) 13.2.0’
* used C++ compiler: ‘g++-13 (GCC) 13.2.0’
Flavor: r-devel-linux-x86_64-fedora-gcc
Version: 1.1.3.2
Check: whether package can be installed
Result: WARN
Found the following significant warnings:
ANN.cpp:173:23: warning: too many arguments for format [-Wformat-extra-args]
ANN.cpp:181:26: warning: too many arguments for format [-Wformat-extra-args]
KNN_cover_tree.cpp:103:18: warning: format '%d' expects argument of type 'int', but argument 2 has type 'std::vector<double>::size_type' {aka 'long long unsigned int'} [-Wformat=]
KNN_cover_tree.cpp:156:18: warning: format '%d' expects argument of type 'int', but argument 2 has type 'std::vector<Id_dist>::size_type' {aka 'long long unsigned int'} [-Wformat=]
KNN_cover_tree.cpp:221:20: warning: format '%d' expects argument of type 'int', but argument 2 has type 'std::vector<Id_dist>::size_type' {aka 'long long unsigned int'} [-Wformat=]
See 'd:/Rcompile/CRANpkg/local/4.4/FNN.Rcheck/00install.out' for details.
* used C compiler: 'gcc.exe (GCC) 12.3.0'
* used C++ compiler: 'g++.exe (GCC) 12.3.0'
Flavor: r-devel-windows-x86_64