CRAN Package Check Results for Package FRESA.CAD

Last updated on 2024-02-21 00:54:28 CET.

Flavor Version Tinstall Tcheck Ttotal Status Flags
r-devel-linux-x86_64-debian-clang 3.4.7 OK
r-devel-linux-x86_64-debian-gcc 3.4.7 98.71 140.77 239.48 OK
r-devel-linux-x86_64-fedora-clang 3.4.7 425.38 OK
r-devel-linux-x86_64-fedora-gcc 3.4.7 437.46 OK
r-devel-windows-x86_64 3.4.7 93.00 170.00 263.00 OK
r-patched-linux-x86_64 3.4.7 95.34 187.14 282.48 OK
r-release-linux-x86_64 3.4.7 91.04 188.10 279.14 OK
r-release-macos-arm64 3.4.7 103.00 NOTE
r-release-macos-x86_64 3.4.7 233.00 NOTE
r-release-windows-x86_64 3.4.7 121.00 209.00 330.00 OK
r-oldrel-macos-arm64 3.4.7 88.00 NOTE
r-oldrel-windows-x86_64 3.4.7 114.00 214.00 328.00 OK

Check Details

Version: 3.4.7
Check: installed package size
Result: NOTE installed size is 9.1Mb sub-directories of 1Mb or more: doc 1.7Mb libs 6.2Mb Flavors: r-release-macos-arm64, r-release-macos-x86_64, r-oldrel-macos-arm64