CRAN Package Check Results for Package FSInteract

Last updated on 2024-03-02 00:53:25 CET.

Flavor Version Tinstall Tcheck Ttotal Status Flags
r-devel-linux-x86_64-debian-clang 0.1.2 22.83 66.34 89.17 NOTE
r-devel-linux-x86_64-debian-gcc 0.1.2 21.18 50.02 71.20 NOTE
r-devel-linux-x86_64-fedora-clang 0.1.2 128.88 NOTE
r-devel-linux-x86_64-fedora-gcc 0.1.2 118.09 NOTE
r-devel-windows-x86_64 0.1.2 24.00 88.00 112.00 NOTE
r-patched-linux-x86_64 0.1.2 25.84 64.82 90.66 NOTE
r-release-linux-x86_64 0.1.2 29.41 63.95 93.36 NOTE
r-release-macos-arm64 0.1.2 38.00 NOTE
r-release-macos-x86_64 0.1.2 63.00 NOTE
r-release-windows-x86_64 0.1.2 32.00 95.00 127.00 NOTE
r-oldrel-macos-arm64 0.1.2 41.00 OK
r-oldrel-windows-x86_64 0.1.2 29.00 100.00 129.00 OK

Check Details

Version: 0.1.2
Check: C++ specification
Result: NOTE Specified C++11: please drop specification unless essential Flavors: r-devel-linux-x86_64-debian-clang, r-devel-linux-x86_64-debian-gcc, r-devel-linux-x86_64-fedora-clang, r-devel-linux-x86_64-fedora-gcc, r-devel-windows-x86_64, r-patched-linux-x86_64, r-release-linux-x86_64, r-release-macos-arm64, r-release-macos-x86_64, r-release-windows-x86_64