CRAN Package Check Results for Package FSinR

Last updated on 2024-02-29 08:48:53 CET.

Flavor Version Tinstall Tcheck Ttotal Status Flags
r-devel-linux-x86_64-debian-clang 2.0.5 24.42 344.09 368.51 OK
r-devel-linux-x86_64-debian-gcc 2.0.5 18.40 247.27 265.67 OK
r-devel-linux-x86_64-fedora-clang 2.0.5 463.82 NOTE
r-devel-linux-x86_64-fedora-gcc 2.0.5 440.22 NOTE
r-devel-windows-x86_64 2.0.5 20.00 251.00 271.00 OK
r-patched-linux-x86_64 2.0.5 14.10 325.78 339.88 OK
r-release-linux-x86_64 2.0.5 13.88 327.61 341.49 OK
r-release-macos-arm64 2.0.5 120.00 OK
r-release-macos-x86_64 2.0.5 212.00 OK
r-release-windows-x86_64 2.0.5 24.00 332.00 356.00 OK
r-oldrel-macos-arm64 2.0.5 110.00 NOTE
r-oldrel-windows-x86_64 2.0.5 26.00 332.00 358.00 OK

Check Details

Version: 2.0.5
Check: dependencies in R code
Result: NOTE Namespaces in Imports field not imported from: ‘class’ ‘mlbench’ ‘neuralnet’ ‘rpart’ All declared Imports should be used. Flavors: r-devel-linux-x86_64-fedora-clang, r-devel-linux-x86_64-fedora-gcc, r-oldrel-macos-arm64