CRAN Package Check Results for Package FamilyRank

Last updated on 2024-03-02 00:53:24 CET.

Flavor Version Tinstall Tcheck Ttotal Status Flags
r-devel-linux-x86_64-debian-clang 1.0 32.78 33.41 66.19 NOTE
r-devel-linux-x86_64-debian-gcc 1.0 24.89 25.36 50.25 NOTE
r-devel-linux-x86_64-fedora-clang 1.0 94.73 NOTE
r-devel-linux-x86_64-fedora-gcc 1.0 87.01 NOTE
r-devel-windows-x86_64 1.0 26.00 72.00 98.00 NOTE
r-patched-linux-x86_64 1.0 28.24 31.61 59.85 NOTE
r-release-linux-x86_64 1.0 35.69 31.63 67.32 NOTE
r-release-macos-arm64 1.0 27.00 NOTE
r-release-macos-x86_64 1.0 42.00 NOTE
r-release-windows-x86_64 1.0 25.00 76.00 101.00 NOTE
r-oldrel-macos-arm64 1.0 25.00 NOTE
r-oldrel-windows-x86_64 1.0 32.00 74.00 106.00 NOTE

Check Details

Version: 1.0
Check: C++ specification
Result: NOTE Specified C++11: please drop specification unless essential Flavors: r-devel-linux-x86_64-debian-clang, r-devel-linux-x86_64-debian-gcc, r-devel-linux-x86_64-fedora-clang, r-devel-linux-x86_64-fedora-gcc, r-devel-windows-x86_64, r-patched-linux-x86_64, r-release-linux-x86_64, r-release-macos-arm64, r-release-macos-x86_64, r-release-windows-x86_64

Version: 1.0
Check: LazyData
Result: NOTE 'LazyData' is specified without a 'data' directory Flavors: r-devel-linux-x86_64-debian-clang, r-devel-linux-x86_64-debian-gcc, r-devel-linux-x86_64-fedora-clang, r-devel-linux-x86_64-fedora-gcc, r-devel-windows-x86_64, r-patched-linux-x86_64, r-release-linux-x86_64, r-release-macos-arm64, r-release-macos-x86_64, r-release-windows-x86_64, r-oldrel-macos-arm64, r-oldrel-windows-x86_64