CRAN Package Check Results for Package FarmTest

Last updated on 2024-02-21 00:54:28 CET.

Flavor Version Tinstall Tcheck Ttotal Status Flags
r-devel-linux-x86_64-debian-clang 2.2.0 NOTE
r-devel-linux-x86_64-debian-gcc 2.2.0 39.17 30.15 69.32 NOTE
r-devel-linux-x86_64-fedora-clang 2.2.0 131.95 NOTE
r-devel-linux-x86_64-fedora-gcc 2.2.0 140.78 NOTE
r-devel-windows-x86_64 2.2.0 36.00 82.00 118.00 NOTE
r-patched-linux-x86_64 2.2.0 45.76 54.58 100.34 NOTE
r-release-linux-x86_64 2.2.0 43.07 54.54 97.61 NOTE
r-release-macos-arm64 2.2.0 41.00 NOTE
r-release-macos-x86_64 2.2.0 59.00 NOTE
r-release-windows-x86_64 2.2.0 47.00 86.00 133.00 NOTE
r-oldrel-macos-arm64 2.2.0 36.00 OK
r-oldrel-windows-x86_64 2.2.0 46.00 95.00 141.00 OK

Check Details

Version: 2.2.0
Check: C++ specification
Result: NOTE Specified C++11: please drop specification unless essential Flavors: r-devel-linux-x86_64-debian-clang, r-devel-linux-x86_64-debian-gcc, r-devel-linux-x86_64-fedora-clang, r-devel-linux-x86_64-fedora-gcc, r-devel-windows-x86_64, r-patched-linux-x86_64, r-release-linux-x86_64, r-release-macos-arm64, r-release-macos-x86_64, r-release-windows-x86_64