Last updated on 2024-04-27 08:48:26 CEST.
Flavor | Version | Tinstall | Tcheck | Ttotal | Status | Flags |
---|---|---|---|---|---|---|
r-devel-linux-x86_64-debian-clang | 0.0.9 | 30.34 | 26.32 | 56.66 | OK | |
r-devel-linux-x86_64-debian-gcc | 0.0.9 | 30.18 | 22.34 | 52.52 | OK | |
r-devel-linux-x86_64-fedora-clang | 0.0.9 | 75.03 | OK | |||
r-devel-linux-x86_64-fedora-gcc | 0.0.9 | 89.83 | OK | |||
r-devel-windows-x86_64 | 0.0.9 | 26.00 | 49.00 | 75.00 | OK | |
r-patched-linux-x86_64 | 0.0.9 | 32.74 | 27.67 | 60.41 | OK | |
r-release-linux-x86_64 | 0.0.9 | 38.40 | 27.16 | 65.56 | OK | |
r-release-macos-arm64 | 0.0.9 | 29.00 | NOTE | |||
r-release-macos-x86_64 | 0.0.9 | 57.00 | NOTE | |||
r-release-windows-x86_64 | 0.0.9 | 22.00 | 49.00 | 71.00 | OK | |
r-oldrel-macos-arm64 | 0.0.9 | 33.00 | NOTE | |||
r-oldrel-macos-x86_64 | 0.0.9 | 61.00 | NOTE | |||
r-oldrel-windows-x86_64 | 0.0.9 | 33.00 | 69.00 | 102.00 | OK |
Version: 0.0.9
Check: installed package size
Result: NOTE
installed size is 14.5Mb
sub-directories of 1Mb or more:
libs 14.4Mb
Flavors: r-release-macos-arm64, r-release-macos-x86_64, r-oldrel-macos-arm64, r-oldrel-macos-x86_64