CRAN Package Check Results for Package FielDHub

Last updated on 2024-03-01 08:52:57 CET.

Flavor Version Tinstall Tcheck Ttotal Status Flags
r-devel-linux-x86_64-debian-clang 1.3.4 31.44 550.93 582.37 OK
r-devel-linux-x86_64-debian-gcc 1.3.4 26.01 393.28 419.29 OK
r-devel-linux-x86_64-fedora-clang 1.3.4 741.78 NOTE
r-devel-linux-x86_64-fedora-gcc 1.3.4 669.05 OK
r-devel-windows-x86_64 1.3.4 26.00 355.00 381.00 NOTE
r-patched-linux-x86_64 1.3.4 32.40 523.31 555.71 OK
r-release-linux-x86_64 1.3.4 21.43 520.18 541.61 OK
r-release-macos-arm64 1.3.4 241.00 NOTE
r-release-macos-x86_64 1.3.4 403.00 NOTE
r-release-windows-x86_64 1.3.4 37.00 500.00 537.00 NOTE
r-oldrel-macos-arm64 1.3.4 174.00 NOTE
r-oldrel-windows-x86_64 1.3.4 37.00 476.00 513.00 NOTE

Check Details

Version: 1.3.4
Check: installed package size
Result: NOTE installed size is 6.0Mb sub-directories of 1Mb or more: R 1.0Mb doc 3.0Mb help 1.1Mb Flavors: r-devel-linux-x86_64-fedora-clang, r-devel-windows-x86_64, r-release-macos-arm64, r-release-macos-x86_64, r-release-windows-x86_64, r-oldrel-macos-arm64, r-oldrel-windows-x86_64