CRAN Package Check Results for Package FinancialMath

Last updated on 2024-04-22 16:55:58 CEST.

Flavor Version Tinstall Tcheck Ttotal Status Flags
r-devel-linux-x86_64-debian-clang 0.1.1 9.32 54.03 63.35 NOTE
r-devel-linux-x86_64-debian-gcc 0.1.1 6.15 38.87 45.02 NOTE
r-devel-linux-x86_64-fedora-clang 0.1.1 75.99 NOTE
r-devel-linux-x86_64-fedora-gcc 0.1.1 73.17 NOTE
r-prerel-macos-arm64 0.1.1 22.00 NOTE
r-prerel-windows-x86_64 0.1.1 9.00 55.00 64.00 NOTE
r-patched-linux-x86_64 0.1.1 8.47 52.11 60.58 NOTE
r-release-linux-x86_64 0.1.1 7.71 51.94 59.65 NOTE
r-release-macos-arm64 0.1.1 22.00 NOTE
r-release-macos-x86_64 0.1.1 36.00 NOTE
r-release-windows-x86_64 0.1.1 12.00 64.00 76.00 NOTE
r-oldrel-macos-arm64 0.1.1 21.00 NOTE
r-oldrel-windows-x86_64 0.1.1 15.00 65.00 80.00 NOTE

Check Details

Version: 0.1.1
Check: LazyData
Result: NOTE 'LazyData' is specified without a 'data' directory Flavors: r-devel-linux-x86_64-debian-clang, r-devel-linux-x86_64-debian-gcc, r-devel-linux-x86_64-fedora-clang, r-devel-linux-x86_64-fedora-gcc, r-prerel-macos-arm64, r-prerel-windows-x86_64, r-patched-linux-x86_64, r-release-linux-x86_64, r-release-macos-arm64, r-release-macos-x86_64, r-release-windows-x86_64, r-oldrel-macos-arm64, r-oldrel-windows-x86_64