CRAN Package Check Results for Package FunctanSNP

Last updated on 2024-04-24 16:54:31 CEST.

Flavor Version Tinstall Tcheck Ttotal Status Flags
r-devel-linux-x86_64-debian-clang 0.1.0 20.42 171.13 191.55 NOTE
r-devel-linux-x86_64-debian-gcc 0.1.0 14.16 118.40 132.56 NOTE
r-devel-linux-x86_64-fedora-clang 0.1.0 234.37 NOTE
r-devel-linux-x86_64-fedora-gcc 0.1.0 216.38 NOTE
r-devel-windows-x86_64 0.1.0 18.00 124.00 142.00 NOTE
r-patched-linux-x86_64 0.1.0 13.91 158.42 172.33 NOTE
r-release-linux-x86_64 0.1.0 14.64 161.46 176.10 OK
r-release-macos-arm64 0.1.0 66.00 OK
r-release-windows-x86_64 0.1.0 17.00 123.00 140.00 NOTE
r-oldrel-macos-arm64 0.1.0 66.00 OK
r-oldrel-macos-x86_64 0.1.0 109.00 OK
r-oldrel-windows-x86_64 0.1.0 24.00 152.00 176.00 OK

Check Details

Version: 0.1.0
Check: Rd files
Result: NOTE checkRd: (-1) SNPcvinter.Rd:34: Lost braces in \itemize; meant \describe ? checkRd: (-1) SNPcvinter.Rd:35: Lost braces in \itemize; meant \describe ? checkRd: (-1) SNPcvinter.Rd:36: Lost braces in \itemize; meant \describe ? checkRd: (-1) SNPcvinter.Rd:37: Lost braces in \itemize; meant \describe ? checkRd: (-1) SNPcvinter.Rd:55: Lost braces in \itemize; \value handles \item{}{} directly checkRd: (-1) SNPcvinter.Rd:56: Lost braces in \itemize; \value handles \item{}{} directly checkRd: (-1) SNPcvinter.Rd:57: Lost braces in \itemize; \value handles \item{}{} directly checkRd: (-1) SNPcvinter.Rd:58: Lost braces in \itemize; \value handles \item{}{} directly checkRd: (-1) SNPcvinter.Rd:59: Lost braces in \itemize; \value handles \item{}{} directly checkRd: (-1) SNPcvinter.Rd:60: Lost braces in \itemize; \value handles \item{}{} directly checkRd: (-1) SNPcvinter.Rd:61: Lost braces in \itemize; \value handles \item{}{} directly checkRd: (-1) SNPcvinter.Rd:62: Lost braces in \itemize; \value handles \item{}{} directly checkRd: (-1) SNPcvinter.Rd:63: Lost braces in \itemize; \value handles \item{}{} directly checkRd: (-1) SNPcvinter.Rd:64: Lost braces in \itemize; \value handles \item{}{} directly checkRd: (-1) SNPcvinter.Rd:65: Lost braces in \itemize; \value handles \item{}{} directly checkRd: (-1) SNPcvinter.Rd:66: Lost braces in \itemize; \value handles \item{}{} directly checkRd: (-1) SNPcvinter.Rd:67: Lost braces in \itemize; \value handles \item{}{} directly checkRd: (-1) SNPgvf.Rd:20: Lost braces in \itemize; meant \describe ? checkRd: (-1) SNPgvf.Rd:21: Lost braces in \itemize; meant \describe ? checkRd: (-1) SNPgvf.Rd:22: Lost braces in \itemize; meant \describe ? checkRd: (-1) SNPgvf.Rd:23: Lost braces in \itemize; meant \describe ? checkRd: (-1) SNPinter.Rd:32: Lost braces in \itemize; meant \describe ? checkRd: (-1) SNPinter.Rd:33: Lost braces in \itemize; meant \describe ? checkRd: (-1) SNPinter.Rd:34: Lost braces in \itemize; meant \describe ? checkRd: (-1) SNPinter.Rd:35: Lost braces in \itemize; meant \describe ? checkRd: (-1) SNPinter.Rd:36: Lost braces in \itemize; meant \describe ? checkRd: (-1) SNPinter.Rd:54: Lost braces in \itemize; \value handles \item{}{} directly checkRd: (-1) SNPinter.Rd:55: Lost braces in \itemize; \value handles \item{}{} directly checkRd: (-1) SNPinter.Rd:56: Lost braces in \itemize; \value handles \item{}{} directly checkRd: (-1) SNPinter.Rd:57: Lost braces in \itemize; \value handles \item{}{} directly checkRd: (-1) SNPinter.Rd:58: Lost braces in \itemize; \value handles \item{}{} directly checkRd: (-1) SNPinter.Rd:59: Lost braces in \itemize; \value handles \item{}{} directly checkRd: (-1) SNPlm.Rd:31: Lost braces in \itemize; meant \describe ? checkRd: (-1) SNPlm.Rd:32: Lost braces in \itemize; meant \describe ? checkRd: (-1) SNPlm.Rd:33: Lost braces in \itemize; meant \describe ? checkRd: (-1) SNPlm.Rd:34: Lost braces in \itemize; meant \describe ? checkRd: (-1) SNPlm.Rd:44: Lost braces in \itemize; \value handles \item{}{} directly checkRd: (-1) SNPlm.Rd:45: Lost braces in \itemize; \value handles \item{}{} directly checkRd: (-1) SNPlm.Rd:46: Lost braces in \itemize; \value handles \item{}{} directly checkRd: (-1) SNPlm.Rd:47: Lost braces in \itemize; \value handles \item{}{} directly checkRd: (-1) SNPlm.Rd:48: Lost braces in \itemize; \value handles \item{}{} directly checkRd: (-1) SNPlm.Rd:49: Lost braces in \itemize; \value handles \item{}{} directly checkRd: (-1) SNPlm.Rd:50: Lost braces in \itemize; \value handles \item{}{} directly checkRd: (-1) SNPlm.Rd:51: Lost braces in \itemize; \value handles \item{}{} directly checkRd: (-1) SNPlm.Rd:52: Lost braces in \itemize; \value handles \item{}{} directly checkRd: (-1) coefSNPreg.Rd:15: Lost braces in \itemize; \value handles \item{}{} directly checkRd: (-1) coefSNPreg.Rd:16: Lost braces in \itemize; \value handles \item{}{} directly checkRd: (-1) coefSNPreg.Rd:17: Lost braces in \itemize; \value handles \item{}{} directly checkRd: (-1) coefSNPreg.Rd:18: Lost braces in \itemize; \value handles \item{}{} directly checkRd: (-1) plotGVF.Rd:36: Lost braces in \itemize; meant \describe ? checkRd: (-1) plotGVF.Rd:37: Lost braces in \itemize; meant \describe ? checkRd: (-1) predictSNPreg.Rd:18: Lost braces in \itemize; \value handles \item{}{} directly checkRd: (-1) simData1.Rd:19: Lost braces in \itemize; \value handles \item{}{} directly checkRd: (-1) simData1.Rd:20: Lost braces in \itemize; \value handles \item{}{} directly checkRd: (-1) simData1.Rd:21: Lost braces in \itemize; \value handles \item{}{} directly checkRd: (-1) simData1.Rd:22: Lost braces in \itemize; \value handles \item{}{} directly checkRd: (-1) simData1.Rd:23: Lost braces in \itemize; \value handles \item{}{} directly checkRd: (-1) simData2.Rd:19: Lost braces in \itemize; \value handles \item{}{} directly checkRd: (-1) simData2.Rd:20: Lost braces in \itemize; \value handles \item{}{} directly checkRd: (-1) simData2.Rd:21: Lost braces in \itemize; \value handles \item{}{} directly checkRd: (-1) simData2.Rd:22: Lost braces in \itemize; \value handles \item{}{} directly checkRd: (-1) simData2.Rd:23: Lost braces in \itemize; \value handles \item{}{} directly checkRd: (-1) simX.Rd:21: Lost braces in \itemize; \value handles \item{}{} directly checkRd: (-1) simX.Rd:22: Lost braces in \itemize; \value handles \item{}{} directly Flavors: r-devel-linux-x86_64-debian-clang, r-devel-linux-x86_64-debian-gcc, r-devel-linux-x86_64-fedora-clang, r-devel-linux-x86_64-fedora-gcc, r-devel-windows-x86_64, r-patched-linux-x86_64, r-release-windows-x86_64