Last updated on 2024-05-04 08:51:16 CEST.
Flavor | Version | Tinstall | Tcheck | Ttotal | Status | Flags |
---|---|---|---|---|---|---|
r-devel-linux-x86_64-debian-clang | 0.9.5 | 4.14 | 33.72 | 37.86 | OK | |
r-devel-linux-x86_64-debian-gcc | 0.9.5 | 3.65 | 25.92 | 29.57 | OK | |
r-devel-linux-x86_64-fedora-clang | 0.9.5 | 51.04 | OK | |||
r-devel-linux-x86_64-fedora-gcc | 0.9.5 | 45.84 | OK | |||
r-devel-windows-x86_64 | 0.9.5 | 5.00 | 50.00 | 55.00 | OK | |
r-patched-linux-x86_64 | 0.9.5 | 5.03 | 33.85 | 38.88 | OK | |
r-release-linux-x86_64 | 0.9.5 | 4.27 | 32.87 | 37.14 | OK | |
r-release-macos-arm64 | 0.9.5 | 18.00 | OK | |||
r-release-windows-x86_64 | 0.9.5 | 6.00 | 49.00 | 55.00 | OK | |
r-oldrel-macos-arm64 | 0.9.5 | 21.00 | OK | |||
r-oldrel-macos-x86_64 | 0.9.5 | 27.00 | NOTE | |||
r-oldrel-windows-x86_64 | 0.9.5 | 6.00 | 50.00 | 56.00 | OK |
Version: 0.9.5
Check: package dependencies
Result: NOTE
Package suggested but not available for checking: ‘caret’
Flavor: r-oldrel-macos-x86_64