CRAN Package Check Results for Package GCD

Last updated on 2024-03-01 00:55:19 CET.

Flavor Version Tinstall Tcheck Ttotal Status Flags
r-devel-linux-x86_64-debian-clang 4.0.7 2.09 41.41 43.50 NOTE
r-devel-linux-x86_64-debian-gcc 4.0.7 1.72 31.63 33.35 NOTE
r-devel-linux-x86_64-fedora-clang 4.0.7 56.91 NOTE
r-devel-linux-x86_64-fedora-gcc 4.0.7 52.01 NOTE
r-devel-windows-x86_64 4.0.7 3.00 62.00 65.00 NOTE
r-patched-linux-x86_64 4.0.7 2.56 39.79 42.35 NOTE
r-release-linux-x86_64 4.0.7 2.27 39.95 42.22 NOTE
r-release-macos-arm64 4.0.7 21.00 NOTE
r-release-macos-x86_64 4.0.7 33.00 NOTE
r-release-windows-x86_64 4.0.7 4.00 63.00 67.00 NOTE
r-oldrel-macos-arm64 4.0.7 25.00 OK
r-oldrel-windows-x86_64 4.0.7 4.00 61.00 65.00 NOTE

Check Details

Version: 4.0.7
Check: package dependencies
Result: NOTE Package suggested but not available for checking: ‘paleofire’ Flavors: r-devel-linux-x86_64-debian-clang, r-devel-linux-x86_64-debian-gcc, r-devel-linux-x86_64-fedora-clang, r-devel-linux-x86_64-fedora-gcc, r-devel-windows-x86_64, r-patched-linux-x86_64, r-release-linux-x86_64, r-release-macos-arm64, r-release-macos-x86_64, r-release-windows-x86_64, r-oldrel-windows-x86_64

Version: 4.0.7
Check: dependencies in R code
Result: NOTE Namespace in Imports field not imported from: ‘raster’ All declared Imports should be used. Flavors: r-devel-linux-x86_64-fedora-clang, r-devel-linux-x86_64-fedora-gcc

Version: 4.0.7
Check: data for non-ASCII characters
Result: NOTE Note: found 103 marked UTF-8 strings Flavors: r-devel-linux-x86_64-fedora-clang, r-devel-linux-x86_64-fedora-gcc