CRAN Package Check Results for Package GGMncv

Last updated on 2024-07-25 00:51:57 CEST.

Flavor Version Tinstall Tcheck Ttotal Status Flags
r-devel-linux-x86_64-debian-clang 2.1.1 38.34 118.75 157.09 NOTE
r-devel-linux-x86_64-debian-gcc 2.1.1 25.31 92.53 117.84 NOTE
r-devel-linux-x86_64-fedora-clang 2.1.1 209.37 NOTE
r-devel-linux-x86_64-fedora-gcc 2.1.1 237.96 NOTE
r-devel-windows-x86_64 2.1.1 30.00 131.00 161.00 NOTE
r-patched-linux-x86_64 2.1.1 36.54 117.67 154.21 NOTE
r-release-linux-x86_64 2.1.1 24.89 114.91 139.80 NOTE
r-release-macos-arm64 2.1.1 82.00 NOTE
r-release-macos-x86_64 2.1.1 107.00 NOTE
r-release-windows-x86_64 2.1.1 36.00 130.00 166.00 NOTE
r-oldrel-macos-arm64 2.1.1 87.00 NOTE
r-oldrel-macos-x86_64 2.1.1 121.00 NOTE
r-oldrel-windows-x86_64 2.1.1 38.00 151.00 189.00 NOTE

Check Details

Version: 2.1.1
Check: C++ specification
Result: NOTE Specified C++11: please drop specification unless essential Flavors: r-devel-linux-x86_64-debian-clang, r-devel-linux-x86_64-debian-gcc, r-devel-linux-x86_64-fedora-clang, r-devel-linux-x86_64-fedora-gcc, r-devel-windows-x86_64, r-patched-linux-x86_64, r-release-linux-x86_64, r-release-macos-arm64, r-release-macos-x86_64, r-release-windows-x86_64, r-oldrel-macos-arm64, r-oldrel-macos-x86_64, r-oldrel-windows-x86_64

Version: 2.1.1
Check: Rd files
Result: NOTE checkRd: (-1) boot_eip.Rd:50: Escaped LaTeX specials: \& checkRd: (-1) constrained.Rd:93: Escaped LaTeX specials: \& Flavors: r-devel-linux-x86_64-debian-clang, r-devel-linux-x86_64-debian-gcc, r-devel-linux-x86_64-fedora-clang, r-devel-linux-x86_64-fedora-gcc, r-devel-windows-x86_64, r-patched-linux-x86_64, r-release-linux-x86_64, r-release-macos-arm64, r-release-macos-x86_64, r-release-windows-x86_64, r-oldrel-macos-arm64, r-oldrel-macos-x86_64, r-oldrel-windows-x86_64

Version: 2.1.1
Check: dependencies in R code
Result: NOTE Namespaces in Imports field not imported from: ‘Rdpack’ ‘mathjaxr’ All declared Imports should be used. Flavors: r-devel-linux-x86_64-fedora-clang, r-devel-linux-x86_64-fedora-gcc

Version: 2.1.1
Check: package dependencies
Result: NOTE Packages suggested but not available for checking: 'car', 'NetworkToolbox', 'NetworkComparisonTest' Flavor: r-oldrel-macos-x86_64