CRAN Package Check Results for Package GGMnonreg

Last updated on 2024-03-03 01:00:44 CET.

Flavor Version Tinstall Tcheck Ttotal Status Flags
r-devel-linux-x86_64-debian-clang 1.0.0 13.56 110.87 124.43 NOTE
r-devel-linux-x86_64-debian-gcc 1.0.0 10.91 83.46 94.37 NOTE
r-devel-linux-x86_64-fedora-clang 1.0.0 156.33 NOTE
r-devel-linux-x86_64-fedora-gcc 1.0.0 162.66 NOTE
r-devel-windows-x86_64 1.0.0 13.00 103.00 116.00 NOTE
r-patched-linux-x86_64 1.0.0 11.74 107.29 119.03 NOTE
r-release-linux-x86_64 1.0.0 11.49 106.48 117.97 NOTE
r-release-macos-arm64 1.0.0 50.00 NOTE
r-release-macos-x86_64 1.0.0 86.00 NOTE
r-release-windows-x86_64 1.0.0 17.00 130.00 147.00 NOTE
r-oldrel-macos-arm64 1.0.0 49.00 NOTE
r-oldrel-windows-x86_64 1.0.0 16.00 125.00 141.00 OK

Check Details

Version: 1.0.0
Check: Rd files
Result: NOTE checkRd: (-1) constrained.Rd:37: Escaped LaTeX specials: \& Flavors: r-devel-linux-x86_64-debian-clang, r-devel-linux-x86_64-debian-gcc, r-devel-linux-x86_64-fedora-clang, r-devel-linux-x86_64-fedora-gcc, r-devel-windows-x86_64, r-patched-linux-x86_64, r-release-linux-x86_64, r-release-macos-arm64, r-release-macos-x86_64, r-release-windows-x86_64

Version: 1.0.0
Check: dependencies in R code
Result: NOTE Namespaces in Imports field not imported from: ‘Matrix’ ‘Rdpack’ All declared Imports should be used. Flavors: r-devel-linux-x86_64-fedora-clang, r-devel-linux-x86_64-fedora-gcc, r-oldrel-macos-arm64