CRAN Package Check Results for Package GGUM

Last updated on 2024-06-18 00:57:27 CEST.

Flavor Version Tinstall Tcheck Ttotal Status Flags
r-devel-linux-x86_64-debian-clang 0.5 15.78 149.92 165.70 NOTE
r-devel-linux-x86_64-debian-gcc 0.5 11.58 104.35 115.93 NOTE
r-devel-linux-x86_64-fedora-clang 0.5 203.45 NOTE
r-devel-linux-x86_64-fedora-gcc 0.5 194.32 NOTE
r-devel-windows-x86_64 0.5 14.00 107.00 121.00 NOTE
r-patched-linux-x86_64 0.5 14.81 144.12 158.93 NOTE
r-release-linux-x86_64 0.5 16.22 143.79 160.01 NOTE
r-release-macos-arm64 0.5 57.00 NOTE
r-release-macos-x86_64 0.5 131.00 NOTE
r-release-windows-x86_64 0.5 15.00 100.00 115.00 WARN
r-oldrel-macos-arm64 0.5 67.00 OK
r-oldrel-macos-x86_64 0.5 98.00 OK
r-oldrel-windows-x86_64 0.5 17.00 126.00 143.00 OK

Check Details

Version: 0.5
Check: Rd files
Result: NOTE checkRd: (-1) MODFIT.Rd:33: Lost braces; missing escapes or markup? 33 | {chisq_i = sum( (O_iz - E_iz)^2 / E_iz; z = 0, ..., C ), } | ^ checkRd: (-1) probs.GGUM.Rd:27: Lost braces; missing escapes or markup? 27 | GUM-based probabilities just constrain alpha to a unit vector of length {I} | ^ Flavors: r-devel-linux-x86_64-debian-clang, r-devel-linux-x86_64-debian-gcc, r-devel-linux-x86_64-fedora-clang, r-devel-linux-x86_64-fedora-gcc, r-devel-windows-x86_64, r-patched-linux-x86_64, r-release-linux-x86_64, r-release-macos-arm64, r-release-macos-x86_64, r-release-windows-x86_64

Version: 0.5
Check: whether the package can be unloaded cleanly
Result: WARN
Flavor: r-release-windows-x86_64

Version: 0.5
Check: whether the namespace can be loaded with stated dependencies
Result: WARN A namespace must be able to be loaded with just the base namespace loaded: otherwise if the namespace gets loaded by a saved object, the session will be unable to start. Probably some imports need to be declared in the NAMESPACE file. Flavor: r-release-windows-x86_64

Version: 0.5
Check: whether the namespace can be unloaded cleanly
Result: WARN During startup - Warning messages: 1: package 'utils' in options("defaultPackages") was not found 2: In .getClassesFromCache(Class) : restarting interrupted promise evaluation Error in get("#HAS_DUPLICATE_CLASS_NAMES", envir = .classTable) : object '#HAS_DUPLICATE_CLASS_NAMES' not found Calls: suppressMessages ... .newOrMultipleMethod -> .duplicateClassesExist -> get Execution halted Flavor: r-release-windows-x86_64