CRAN Package Check Results for Package GHap

Last updated on 2024-02-27 16:49:17 CET.

Flavor Version Tinstall Tcheck Ttotal Status Flags
r-devel-linux-x86_64-debian-clang 3.0.0 19.70 159.78 179.48 OK
r-devel-linux-x86_64-debian-gcc 3.0.0 18.81 119.02 137.83 OK
r-devel-linux-x86_64-fedora-clang 3.0.0 227.03 NOTE
r-devel-linux-x86_64-fedora-gcc 3.0.0 225.98 NOTE
r-devel-windows-x86_64 3.0.0 18.00 135.00 153.00 OK
r-patched-linux-x86_64 3.0.0 32.73 154.62 187.35 OK
r-release-linux-x86_64 3.0.0 16.49 156.75 173.24 OK
r-release-macos-arm64 3.0.0 68.00 OK
r-release-macos-x86_64 3.0.0 113.00 OK
r-release-windows-x86_64 3.0.0 25.00 159.00 184.00 OK
r-oldrel-macos-arm64 3.0.0 57.00 NOTE
r-oldrel-windows-x86_64 3.0.0 26.00 158.00 184.00 OK

Check Details

Version: 3.0.0
Check: dependencies in R code
Result: NOTE Namespace in Imports field not imported from: ‘class’ All declared Imports should be used. Flavors: r-devel-linux-x86_64-fedora-clang, r-devel-linux-x86_64-fedora-gcc, r-oldrel-macos-arm64