CRAN Package Check Results for Package GISSB

Last updated on 2024-02-23 08:53:33 CET.

Flavor Version Tinstall Tcheck Ttotal Status Flags
r-devel-linux-x86_64-debian-clang 1.1 OK
r-devel-linux-x86_64-debian-gcc 1.1 3.70 41.68 45.38 OK
r-devel-linux-x86_64-fedora-clang 1.1 73.23 NOTE
r-devel-linux-x86_64-fedora-gcc 1.1 80.51 NOTE
r-devel-windows-x86_64 1.1 6.00 68.00 74.00 OK
r-patched-linux-x86_64 1.1 3.18 53.15 56.33 OK
r-release-linux-x86_64 1.1 3.16 52.49 55.65 OK
r-release-macos-arm64 1.1 53.00 OK
r-release-macos-x86_64 1.1 79.00 OK
r-release-windows-x86_64 1.1 7.00 75.00 82.00 OK
r-oldrel-macos-arm64 1.1 47.00 OK
r-oldrel-windows-x86_64 1.1 8.00 75.00 83.00 OK

Check Details

Version: 1.1
Check: data for non-ASCII characters
Result: NOTE Note: found 866 marked UTF-8 strings Flavors: r-devel-linux-x86_64-fedora-clang, r-devel-linux-x86_64-fedora-gcc