CRAN Package Check Results for Package GLMaSPU

Last updated on 2024-02-21 00:54:29 CET.

Flavor Version Tinstall Tcheck Ttotal Status Flags
r-devel-linux-x86_64-debian-clang 1.0 OK
r-devel-linux-x86_64-debian-gcc 1.0 26.17 25.58 51.75 OK
r-devel-linux-x86_64-fedora-clang 1.0 101.30 NOTE
r-devel-linux-x86_64-fedora-gcc 1.0 93.40 NOTE
r-devel-windows-x86_64 1.0 28.00 66.00 94.00 OK
r-patched-linux-x86_64 1.0 37.59 32.55 70.14 OK
r-release-linux-x86_64 1.0 33.84 33.18 67.02 OK
r-release-macos-arm64 1.0 29.00 OK
r-release-macos-x86_64 1.0 44.00 OK
r-release-windows-x86_64 1.0 35.00 72.00 107.00 OK
r-oldrel-macos-arm64 1.0 30.00 OK
r-oldrel-windows-x86_64 1.0 34.00 73.00 107.00 OK

Check Details

Version: 1.0
Check: compiled code
Result: NOTE File ‘GLMaSPU/libs/GLMaSPU.so’: Found no calls to: ‘R_registerRoutines’, ‘R_useDynamicSymbols’ It is good practice to register native routines and to disable symbol search. See ‘Writing portable packages’ in the ‘Writing R Extensions’ manual. Flavors: r-devel-linux-x86_64-fedora-clang, r-devel-linux-x86_64-fedora-gcc