Last updated on 2024-05-04 08:51:17 CEST.
Flavor | Version | Tinstall | Tcheck | Ttotal | Status | Flags |
---|---|---|---|---|---|---|
r-devel-linux-x86_64-debian-clang | 1.2.7 | 0.88 | 2.36 | 3.24 | ERROR | |
r-devel-linux-x86_64-debian-gcc | 1.2.7 | 157.59 | 307.33 | 464.92 | OK | |
r-devel-linux-x86_64-fedora-clang | 1.2.7 | 887.34 | NOTE | |||
r-devel-linux-x86_64-fedora-gcc | 1.2.7 | 775.48 | OK | |||
r-devel-windows-x86_64 | 1.2.7 | 183.00 | 326.00 | 509.00 | NOTE | |
r-patched-linux-x86_64 | 1.2.7 | 117.24 | 385.18 | 502.42 | OK | |
r-release-linux-x86_64 | 1.2.7 | 129.96 | 395.06 | 525.02 | OK | |
r-release-macos-arm64 | 1.2.7 | 243.00 | NOTE | |||
r-release-macos-x86_64 | 1.2.7 | 501.00 | NOTE | |||
r-release-windows-x86_64 | 1.2.7 | 174.00 | 329.00 | 503.00 | NOTE | |
r-oldrel-macos-arm64 | 1.2.7 | 229.00 | NOTE | |||
r-oldrel-macos-x86_64 | 1.2.7 | 579.00 | NOTE | |||
r-oldrel-windows-x86_64 | 1.2.7 | 233.00 | 409.00 | 642.00 | NOTE |
Version: 1.2.7
Check: package dependencies
Result: ERROR
Packages required but not available: 'GO.db', 'biomaRt', 'annotate'
See section ‘The DESCRIPTION file’ in the ‘Writing R Extensions’
manual.
Flavor: r-devel-linux-x86_64-debian-clang
Version: 1.2.7
Check: installed package size
Result: NOTE
installed size is 6.3Mb
sub-directories of 1Mb or more:
R 5.7Mb
Flavors: r-devel-linux-x86_64-fedora-clang, r-devel-windows-x86_64, r-release-macos-arm64, r-release-macos-x86_64, r-release-windows-x86_64, r-oldrel-macos-arm64, r-oldrel-macos-x86_64, r-oldrel-windows-x86_64