CRAN Package Check Results for Package GOxploreR

Last updated on 2024-02-26 08:48:46 CET.

Flavor Version Tinstall Tcheck Ttotal Status Flags
r-devel-linux-x86_64-debian-clang 1.2.7 173.30 418.74 592.04 OK
r-devel-linux-x86_64-debian-gcc 1.2.7 151.02 318.33 469.35 OK
r-devel-linux-x86_64-fedora-clang 1.2.7 814.79 NOTE
r-devel-linux-x86_64-fedora-gcc 1.2.7 825.71 OK
r-devel-windows-x86_64 1.2.7 176.00 326.00 502.00 NOTE
r-patched-linux-x86_64 1.2.7 120.98 414.96 535.94 OK
r-release-linux-x86_64 1.2.7 122.22 402.68 524.90 OK
r-release-macos-arm64 1.2.7 229.00 NOTE
r-release-macos-x86_64 1.2.7 579.00 NOTE
r-release-windows-x86_64 1.2.7 223.00 420.00 643.00 NOTE
r-oldrel-macos-arm64 1.2.7 220.00 NOTE
r-oldrel-windows-x86_64 1.2.7 221.00 420.00 641.00 NOTE

Check Details

Version: 1.2.7
Check: installed package size
Result: NOTE installed size is 6.3Mb sub-directories of 1Mb or more: R 5.7Mb Flavors: r-devel-linux-x86_64-fedora-clang, r-devel-windows-x86_64, r-release-macos-arm64, r-release-macos-x86_64, r-release-windows-x86_64, r-oldrel-macos-arm64, r-oldrel-windows-x86_64