CRAN Package Check Results for Package GPGame

Last updated on 2024-02-24 08:49:38 CET.

Flavor Version Tinstall Tcheck Ttotal Status Flags
r-devel-linux-x86_64-debian-clang 1.2.0 59.65 97.70 157.35 NOTE
r-devel-linux-x86_64-debian-gcc 1.2.0 45.53 75.57 121.10 NOTE
r-devel-linux-x86_64-fedora-clang 1.2.0 219.87 NOTE
r-devel-linux-x86_64-fedora-gcc 1.2.0 211.53 NOTE
r-devel-windows-x86_64 1.2.0 46.00 117.00 163.00 OK
r-patched-linux-x86_64 1.2.0 41.96 97.87 139.83 OK
r-release-linux-x86_64 1.2.0 39.72 96.77 136.49 OK
r-release-macos-arm64 1.2.0 64.00 OK
r-release-macos-x86_64 1.2.0 92.00 OK
r-release-windows-x86_64 1.2.0 58.00 135.00 193.00 OK
r-oldrel-macos-arm64 1.2.0 48.00 OK
r-oldrel-windows-x86_64 1.2.0 57.00 122.00 179.00 OK

Check Details

Version: 1.2.0
Check: Rd files
Result: NOTE checkRd: (-1) solve_game.Rd:86: Lost braces in \itemize; \value handles \item{}{} directly checkRd: (-1) solve_game.Rd:87: Lost braces in \itemize; \value handles \item{}{} directly checkRd: (-1) solve_game.Rd:88: Lost braces in \itemize; \value handles \item{}{} directly checkRd: (-1) solve_game.Rd:89: Lost braces in \itemize; \value handles \item{}{} directly checkRd: (-1) solve_game.Rd:90: Lost braces in \itemize; \value handles \item{}{} directly Flavors: r-devel-linux-x86_64-debian-clang, r-devel-linux-x86_64-debian-gcc, r-devel-linux-x86_64-fedora-clang, r-devel-linux-x86_64-fedora-gcc